Last updated on 2025-10-31 02:50:35 CET.
| Flavor | Version | Tinstall | Tcheck | Ttotal | Status | Flags | 
|---|---|---|---|---|---|---|
| r-devel-linux-x86_64-debian-clang | 0.1.4 | 43.96 | 139.70 | 183.66 | NOTE | |
| r-devel-linux-x86_64-debian-gcc | 0.1.4 | 38.13 | 98.41 | 136.54 | NOTE | |
| r-devel-linux-x86_64-fedora-clang | 0.1.4 | 110.00 | 182.04 | 292.04 | NOTE | |
| r-devel-linux-x86_64-fedora-gcc | 0.1.4 | 96.00 | 175.22 | 271.22 | NOTE | |
| r-devel-windows-x86_64 | 0.1.4 | 48.00 | 124.00 | 172.00 | NOTE | |
| r-patched-linux-x86_64 | 0.1.4 | 43.59 | 131.07 | 174.66 | NOTE | |
| r-release-linux-x86_64 | 0.1.4 | 41.84 | 130.19 | 172.03 | NOTE | |
| r-release-macos-arm64 | 0.1.4 | 27.00 | 50.00 | 77.00 | NOTE | |
| r-release-macos-x86_64 | 0.1.4 | 52.00 | 95.00 | 147.00 | NOTE | |
| r-release-windows-x86_64 | 0.1.4 | 46.00 | 123.00 | 169.00 | NOTE | |
| r-oldrel-macos-arm64 | 0.1.4 | 29.00 | 52.00 | 81.00 | OK | |
| r-oldrel-macos-x86_64 | 0.1.4 | 33.00 | 75.00 | 108.00 | OK | |
| r-oldrel-windows-x86_64 | 0.1.4 | 62.00 | 172.00 | 234.00 | OK | 
Version: 0.1.4
Check: DESCRIPTION meta-information
Result: NOTE
    Missing dependency on R >= 4.1.0 because package code uses the pipe
    |> or function shorthand \(...) syntax added in R 4.1.0.
    File(s) using such syntax:
      ‘data_analysis_descriptive.R’ ‘functions.R’ ‘main.R’
      ‘merge_quality_articles.R’
Flavors: r-devel-linux-x86_64-debian-clang, r-devel-linux-x86_64-debian-gcc, r-devel-linux-x86_64-fedora-clang, r-devel-linux-x86_64-fedora-gcc, r-devel-windows-x86_64, r-patched-linux-x86_64, r-release-linux-x86_64, r-release-macos-arm64, r-release-macos-x86_64, r-release-windows-x86_64