Last updated on 2025-07-25 03:51:28 CEST.
Flavor | Version | Tinstall | Tcheck | Ttotal | Status | Flags |
---|---|---|---|---|---|---|
r-devel-linux-x86_64-debian-clang | 1.1.14 | 11.70 | 111.46 | 123.16 | OK | |
r-devel-linux-x86_64-debian-gcc | 1.1.14 | 8.29 | 81.34 | 89.63 | OK | |
r-devel-linux-x86_64-fedora-clang | 1.1.14 | 200.20 | OK | |||
r-devel-linux-x86_64-fedora-gcc | 1.1.14 | 211.61 | OK | |||
r-devel-windows-x86_64 | 1.1.14 | 13.00 | 148.00 | 161.00 | OK | |
r-patched-linux-x86_64 | 1.1.14 | 10.54 | 107.65 | 118.19 | OK | |
r-release-linux-x86_64 | 1.1.14 | 10.94 | 106.51 | 117.45 | OK | |
r-release-macos-arm64 | 1.1.14 | 52.00 | OK | |||
r-release-macos-x86_64 | 1.1.14 | 87.00 | OK | |||
r-release-windows-x86_64 | 1.1.14 | 13.00 | 134.00 | 147.00 | OK | |
r-oldrel-macos-arm64 | 1.1.14 | 65.00 | NOTE | |||
r-oldrel-macos-x86_64 | 1.1.14 | 95.00 | NOTE | |||
r-oldrel-windows-x86_64 | 1.1.14 | 17.00 | 164.00 | 181.00 | NOTE |
Version: 1.1.14
Check: package dependencies
Result: NOTE
Package suggested but not available for checking: ‘rrelaxiv’
Flavors: r-oldrel-macos-arm64, r-oldrel-macos-x86_64, r-oldrel-windows-x86_64