Last updated on 2025-10-31 02:50:35 CET.
| Flavor | Version | Tinstall | Tcheck | Ttotal | Status | Flags | 
|---|---|---|---|---|---|---|
| r-devel-linux-x86_64-debian-clang | 0.1.0 | 2.42 | 28.85 | 31.27 | NOTE | |
| r-devel-linux-x86_64-debian-gcc | 0.1.0 | 1.99 | 22.54 | 24.53 | NOTE | |
| r-devel-linux-x86_64-fedora-clang | 0.1.0 | 47.34 | NOTE | |||
| r-devel-linux-x86_64-fedora-gcc | 0.1.0 | 45.03 | NOTE | |||
| r-devel-windows-x86_64 | 0.1.0 | 4.00 | 50.00 | 54.00 | NOTE | |
| r-patched-linux-x86_64 | 0.1.0 | 3.22 | 27.22 | 30.44 | NOTE | |
| r-release-linux-x86_64 | 0.1.0 | 2.50 | 27.05 | 29.55 | NOTE | |
| r-release-macos-arm64 | 0.1.0 | 2.00 | 17.00 | 19.00 | NOTE | |
| r-release-macos-x86_64 | 0.1.0 | 4.00 | 37.00 | 41.00 | NOTE | |
| r-release-windows-x86_64 | 0.1.0 | 5.00 | 53.00 | 58.00 | NOTE | |
| r-oldrel-macos-arm64 | 0.1.0 | 2.00 | 16.00 | 18.00 | NOTE | |
| r-oldrel-macos-x86_64 | 0.1.0 | 4.00 | 27.00 | 31.00 | NOTE | |
| r-oldrel-windows-x86_64 | 0.1.0 | 6.00 | 57.00 | 63.00 | NOTE | 
Version: 0.1.0
Check: CRAN incoming feasibility
Result: NOTE
  Maintainer: ‘Christopher Mann <cmann3@unl.edu>’
  
  No Authors@R field in DESCRIPTION.
  Please add one, modifying
    Authors@R: person(given = "Christopher",
                      family = "Mann",
                      role = c("aut", "cre"),
                      email = "cmann3@unl.edu")
  as necessary.
Flavors: r-devel-linux-x86_64-debian-clang, r-devel-linux-x86_64-debian-gcc
Version: 0.1.0
Check: Rd files
Result: NOTE
  checkRd: (-1) Match.Rd:90: Lost braces; missing escapes or markup?
      90 | expression in braces. For example, the condition "{[ab]*}" is equivalent
         |                                                   ^
Flavors: r-devel-linux-x86_64-debian-clang, r-devel-linux-x86_64-debian-gcc, r-devel-linux-x86_64-fedora-clang, r-devel-linux-x86_64-fedora-gcc, r-devel-windows-x86_64, r-patched-linux-x86_64, r-release-linux-x86_64, r-release-macos-arm64, r-release-macos-x86_64, r-release-windows-x86_64, r-oldrel-macos-arm64, r-oldrel-macos-x86_64, r-oldrel-windows-x86_64