Last updated on 2025-05-04 03:50:58 CEST.
Flavor | Version | Tinstall | Tcheck | Ttotal | Status | Flags |
---|---|---|---|---|---|---|
r-devel-linux-x86_64-debian-clang | 2.0.0 | 2.84 | 34.70 | 37.54 | NOTE | |
r-devel-linux-x86_64-debian-gcc | 2.0.0 | 2.16 | 24.42 | 26.58 | NOTE | |
r-devel-linux-x86_64-fedora-clang | 2.0.0 | 57.87 | OK | |||
r-devel-linux-x86_64-fedora-gcc | 2.0.0 | 57.29 | OK | |||
r-devel-windows-x86_64 | 2.0.0 | 4.00 | 53.00 | 57.00 | OK | |
r-patched-linux-x86_64 | 2.0.0 | 2.87 | 32.76 | 35.63 | OK | |
r-release-linux-x86_64 | OK | |||||
r-release-macos-arm64 | 2.0.0 | 19.00 | OK | |||
r-release-macos-x86_64 | 2.0.0 | 37.00 | OK | |||
r-release-windows-x86_64 | 2.0.0 | 4.00 | 57.00 | 61.00 | OK | |
r-oldrel-macos-arm64 | 2.0.0 | 19.00 | NOTE | |||
r-oldrel-macos-x86_64 | 2.0.0 | 29.00 | NOTE | |||
r-oldrel-windows-x86_64 | 2.0.0 | 4.00 | 50.00 | 54.00 | NOTE |
Version: 2.0.0
Check: CRAN incoming feasibility
Result: NOTE
Maintainer: ‘Stéphane Laurent <laurent_step@outlook.fr>’
No Authors@R field in DESCRIPTION.
Please add one, modifying
Authors@R: person(given = "Stéphane",
family = "Laurent",
role = c("aut", "cre"),
email = "laurent_step@outlook.fr")
as necessary.
Flavors: r-devel-linux-x86_64-debian-clang, r-devel-linux-x86_64-debian-gcc
Version: 2.0.0
Check: LazyData
Result: NOTE
'LazyData' is specified without a 'data' directory
Flavors: r-oldrel-macos-arm64, r-oldrel-macos-x86_64, r-oldrel-windows-x86_64