Last updated on 2025-05-07 03:51:05 CEST.
Flavor | Version | Tinstall | Tcheck | Ttotal | Status | Flags |
---|---|---|---|---|---|---|
r-devel-linux-x86_64-debian-clang | 0.2.0 | 2.35 | 145.35 | 147.70 | NOTE | |
r-devel-linux-x86_64-debian-gcc | 0.2.0 | 2.80 | 99.05 | 101.85 | NOTE | |
r-devel-linux-x86_64-fedora-clang | 0.2.0 | 240.84 | OK | |||
r-devel-linux-x86_64-fedora-gcc | 0.2.0 | 230.70 | OK | |||
r-devel-windows-x86_64 | 0.2.0 | 5.00 | 166.00 | 171.00 | OK | |
r-patched-linux-x86_64 | 0.2.0 | 4.50 | 137.82 | 142.32 | OK | |
r-release-linux-x86_64 | 0.2.0 | 3.95 | 137.53 | 141.48 | OK | |
r-release-macos-arm64 | 0.2.0 | 90.00 | OK | |||
r-release-macos-x86_64 | 0.2.0 | 209.00 | OK | |||
r-release-windows-x86_64 | 0.2.0 | 4.00 | 164.00 | 168.00 | OK | |
r-oldrel-macos-arm64 | 0.2.0 | 77.00 | OK | |||
r-oldrel-macos-x86_64 | 0.2.0 | 129.00 | OK | |||
r-oldrel-windows-x86_64 | 0.2.0 | 6.00 | 250.00 | 256.00 | OK |
Version: 0.2.0
Check: CRAN incoming feasibility
Result: NOTE
Maintainer: ‘Steven E. Pav <shabbychef@gmail.com>’
Package CITATION file contains call(s) to old-style citEntry(). Please
use bibentry() instead.
Flavors: r-devel-linux-x86_64-debian-clang, r-devel-linux-x86_64-debian-gcc