Last updated on 2025-05-07 03:51:05 CEST.
Flavor | Version | Tinstall | Tcheck | Ttotal | Status | Flags |
---|---|---|---|---|---|---|
r-devel-linux-x86_64-debian-clang | 2.1 | 10.33 | 72.23 | 82.56 | NOTE | |
r-devel-linux-x86_64-debian-gcc | 2.1 | 4.82 | 51.39 | 56.21 | NOTE | |
r-devel-linux-x86_64-fedora-clang | 2.1 | 126.90 | OK | |||
r-devel-linux-x86_64-fedora-gcc | 2.1 | 127.05 | OK | |||
r-devel-windows-x86_64 | 2.1 | 10.00 | 81.00 | 91.00 | OK | |
r-patched-linux-x86_64 | 2.1 | 7.47 | 70.36 | 77.83 | OK | |
r-release-linux-x86_64 | 2.1 | 7.88 | 67.29 | 75.17 | OK | |
r-release-macos-arm64 | 2.1 | 38.00 | OK | |||
r-release-macos-x86_64 | 2.1 | 66.00 | OK | |||
r-release-windows-x86_64 | 2.1 | 10.00 | 81.00 | 91.00 | OK | |
r-oldrel-macos-arm64 | 2.1 | 37.00 | OK | |||
r-oldrel-macos-x86_64 | 2.1 | 65.00 | OK | |||
r-oldrel-windows-x86_64 | 2.1 | 13.00 | 97.00 | 110.00 | OK |
Version: 2.1
Check: CRAN incoming feasibility
Result: NOTE
Maintainer: ‘Chris M Manuel <cmmanuel@stat.tamu.edu>’
No Authors@R field in DESCRIPTION.
Please add one, modifying
Authors@R: c(person(given = c("Chris", "M"),
family = "Manuel",
role = c("aut", "cre"),
email = "cmmanuel@stat.tamu.edu"),
person(given = "Samiran",
family = "Sinha",
role = "aut"),
person(given = "Suojin",
family = "Wang",
role = "aut"))
as necessary.
Flavors: r-devel-linux-x86_64-debian-clang, r-devel-linux-x86_64-debian-gcc