Last updated on 2025-05-04 03:50:58 CEST.
Flavor | Version | Tinstall | Tcheck | Ttotal | Status | Flags |
---|---|---|---|---|---|---|
r-devel-linux-x86_64-debian-clang | 1.2.1 | 10.81 | 74.68 | 85.49 | NOTE | |
r-devel-linux-x86_64-debian-gcc | 1.2.1 | 7.42 | 55.20 | 62.62 | NOTE | |
r-devel-linux-x86_64-fedora-clang | 1.2.1 | 129.85 | OK | |||
r-devel-linux-x86_64-fedora-gcc | 1.2.1 | 124.57 | OK | |||
r-devel-windows-x86_64 | 1.2.1 | 15.00 | 87.00 | 102.00 | OK | |
r-patched-linux-x86_64 | 1.2.1 | 11.12 | 70.14 | 81.26 | OK | |
r-release-linux-x86_64 | OK | |||||
r-release-macos-arm64 | 1.2.1 | 44.00 | OK | |||
r-release-macos-x86_64 | 1.2.1 | 77.00 | OK | |||
r-release-windows-x86_64 | 1.2.1 | 14.00 | 84.00 | 98.00 | OK | |
r-oldrel-macos-arm64 | 1.2.1 | 39.00 | OK | |||
r-oldrel-macos-x86_64 | 1.2.1 | 58.00 | OK | |||
r-oldrel-windows-x86_64 | 1.2.1 | 17.00 | 107.00 | 124.00 | OK |
Version: 1.2.1
Check: CRAN incoming feasibility
Result: NOTE
Maintainer: ‘Ben Sherwood <ben.sherwood@ku.edu>’
No Authors@R field in DESCRIPTION.
Please add one, modifying
Authors@R: c(person(given = "Ben",
family = "Sherwood",
role = c("aut", "cre"),
email = "ben.sherwood@ku.edu"),
person(given = "Brad",
family = "Price",
role = "aut"))
as necessary.
The Description field contains
Sherwood (2018) <arXiv:1707.03530>. The MCEN model simultaneously
Please refer to arXiv e-prints via their arXiv DOI <doi:10.48550/arXiv.YYMM.NNNNN>.
Flavors: r-devel-linux-x86_64-debian-clang, r-devel-linux-x86_64-debian-gcc