Last updated on 2025-05-06 03:51:07 CEST.
Flavor | Version | Tinstall | Tcheck | Ttotal | Status | Flags |
---|---|---|---|---|---|---|
r-devel-linux-x86_64-debian-clang | 3.0.7 | 14.90 | 44.58 | 59.48 | NOTE | |
r-devel-linux-x86_64-debian-gcc | 3.0.7 | 11.39 | 32.11 | 43.50 | NOTE | |
r-devel-linux-x86_64-fedora-clang | 3.0.7 | 98.56 | OK | |||
r-devel-linux-x86_64-fedora-gcc | 3.0.7 | 101.71 | OK | |||
r-devel-windows-x86_64 | 3.0.7 | 21.00 | 81.00 | 102.00 | OK | |
r-patched-linux-x86_64 | 3.0.7 | 15.54 | 43.58 | 59.12 | OK | |
r-release-linux-x86_64 | 3.0.7 | 14.20 | 43.08 | 57.28 | OK | |
r-release-macos-arm64 | 3.0.7 | 33.00 | OK | |||
r-release-macos-x86_64 | 3.0.7 | 78.00 | OK | |||
r-release-windows-x86_64 | 3.0.7 | 22.00 | 85.00 | 107.00 | OK | |
r-oldrel-macos-arm64 | 3.0.7 | 31.00 | OK | |||
r-oldrel-macos-x86_64 | 3.0.7 | 44.00 | OK | |||
r-oldrel-windows-x86_64 | 3.0.7 | 24.00 | 103.00 | 127.00 | OK |
Version: 3.0.7
Check: CRAN incoming feasibility
Result: NOTE
Maintainer: ‘Mehmet Hakan Satman <mhsatman@istanbul.edu.tr>’
No Authors@R field in DESCRIPTION.
Please add one, modifying
Authors@R: person(given = c("Mehmet", "Hakan"),
family = "Satman",
role = c("aut", "cre"),
email = "mhsatman@istanbul.edu.tr")
as necessary.
Flavors: r-devel-linux-x86_64-debian-clang, r-devel-linux-x86_64-debian-gcc