CRAN Package Check Results for Package mded

Last updated on 2025-05-04 03:50:58 CEST.

Flavor Version Tinstall Tcheck Ttotal Status Flags
r-devel-linux-x86_64-debian-clang 0.1-2 1.47 16.11 17.58 NOTE
r-devel-linux-x86_64-debian-gcc 0.1-2 1.27 13.17 14.44 NOTE
r-devel-linux-x86_64-fedora-clang 0.1-2 27.54 OK
r-devel-linux-x86_64-fedora-gcc 0.1-2 25.88 OK
r-devel-windows-x86_64 0.1-2 2.00 35.00 37.00 OK
r-patched-linux-x86_64 0.1-2 1.67 15.52 17.19 OK
r-release-linux-x86_64 OK
r-release-macos-arm64 0.1-2 13.00 OK
r-release-macos-x86_64 0.1-2 21.00 OK
r-release-windows-x86_64 0.1-2 2.00 37.00 39.00 OK
r-oldrel-macos-arm64 0.1-2 12.00 OK
r-oldrel-macos-x86_64 0.1-2 19.00 OK
r-oldrel-windows-x86_64 0.1-2 2.00 33.00 35.00 OK

Check Details

Version: 0.1-2
Check: CRAN incoming feasibility
Result: NOTE Maintainer: ‘Hideo Aizaki <azk-r@spa.nifty.com>’ No Authors@R field in DESCRIPTION. Please add one, modifying Authors@R: person(given = "Hideo", family = "Aizaki", role = c("aut", "cre"), email = "azk-r@spa.nifty.com") as necessary. Flavors: r-devel-linux-x86_64-debian-clang, r-devel-linux-x86_64-debian-gcc