CRAN Package Check Results for Package mdir.logrank

Last updated on 2025-05-04 03:50:58 CEST.

Flavor Version Tinstall Tcheck Ttotal Status Flags
r-devel-linux-x86_64-debian-clang 0.0.4 2.93 26.92 29.85 NOTE
r-devel-linux-x86_64-debian-gcc 0.0.4 1.89 21.67 23.56 NOTE
r-devel-linux-x86_64-fedora-clang 0.0.4 48.40 OK
r-devel-linux-x86_64-fedora-gcc 0.0.4 48.20 OK
r-devel-windows-x86_64 0.0.4 5.00 51.00 56.00 OK
r-patched-linux-x86_64 0.0.4 2.87 25.58 28.45 OK
r-release-linux-x86_64 OK
r-release-macos-arm64 0.0.4 33.00 OK
r-release-macos-x86_64 0.0.4 30.00 OK
r-release-windows-x86_64 0.0.4 4.00 45.00 49.00 OK
r-oldrel-macos-arm64 0.0.4 18.00 NOTE
r-oldrel-macos-x86_64 0.0.4 25.00 NOTE
r-oldrel-windows-x86_64 0.0.4 4.00 50.00 54.00 NOTE

Check Details

Version: 0.0.4
Check: CRAN incoming feasibility
Result: NOTE Maintainer: ‘Sarah Friedrich <sarah.friedrich@alumni.uni-ulm.de>’ No Authors@R field in DESCRIPTION. Please add one, modifying Authors@R: c(person(given = "Marc", family = "Ditzhaus", role = "aut"), person(given = "Sarah", family = "Friedrich", role = c("aut", "cre"), email = "sarah.friedrich@alumni.uni-ulm.de")) as necessary. The Description field contains Ditzhaus, M. and Friedrich, S. (2018) <arXiv:1807.05504>. Ditzhaus, M. and Pauly, M. (2018) <arXiv:1808.05627>. Please refer to arXiv e-prints via their arXiv DOI <doi:10.48550/arXiv.YYMM.NNNNN>. Flavors: r-devel-linux-x86_64-debian-clang, r-devel-linux-x86_64-debian-gcc

Version: 0.0.4
Check: package dependencies
Result: NOTE Package suggested but not available for checking: ‘RGtk2’ Flavors: r-oldrel-macos-arm64, r-oldrel-macos-x86_64, r-oldrel-windows-x86_64

Version: 0.0.4
Check: LazyData
Result: NOTE 'LazyData' is specified without a 'data' directory Flavors: r-oldrel-macos-arm64, r-oldrel-macos-x86_64, r-oldrel-windows-x86_64