Last updated on 2025-05-06 03:51:07 CEST.
Flavor | Version | Tinstall | Tcheck | Ttotal | Status | Flags |
---|---|---|---|---|---|---|
r-devel-linux-x86_64-debian-clang | 0.2.0 | 3.85 | 25.95 | 29.80 | NOTE | |
r-devel-linux-x86_64-debian-gcc | 0.2.0 | 2.81 | 18.95 | 21.76 | NOTE | |
r-devel-linux-x86_64-fedora-clang | 0.2.0 | 46.49 | OK | |||
r-devel-linux-x86_64-fedora-gcc | 0.2.0 | 44.41 | OK | |||
r-devel-windows-x86_64 | 0.2.0 | 4.00 | 51.00 | 55.00 | OK | |
r-patched-linux-x86_64 | 0.2.0 | 3.88 | 24.69 | 28.57 | OK | |
r-release-linux-x86_64 | 0.2.0 | 4.11 | 24.64 | 28.75 | OK | |
r-release-macos-arm64 | 0.2.0 | 30.00 | OK | |||
r-release-macos-x86_64 | 0.2.0 | 29.00 | OK | |||
r-release-windows-x86_64 | 0.2.0 | 4.00 | 46.00 | 50.00 | OK | |
r-oldrel-macos-arm64 | 0.2.0 | 16.00 | OK | |||
r-oldrel-macos-x86_64 | 0.2.0 | 25.00 | OK | |||
r-oldrel-windows-x86_64 | 0.2.0 | 4.00 | 50.00 | 54.00 | OK |
Version: 0.2.0
Check: CRAN incoming feasibility
Result: NOTE
Maintainer: ‘Chao Cheng <c.cheng@yale.edu>’
No Authors@R field in DESCRIPTION.
Please add one, modifying
Authors@R: c(person(given = c("Chao", "Cheng;", "Donna", "Spiegelman;", "Fan"),
family = "Li",
role = "aut"),
person(given = "Chao",
family = "Cheng",
role = "cre",
email = "c.cheng@yale.edu"))
as necessary.
Flavors: r-devel-linux-x86_64-debian-clang, r-devel-linux-x86_64-debian-gcc