Last updated on 2025-05-06 03:51:07 CEST.
Flavor | Version | Tinstall | Tcheck | Ttotal | Status | Flags |
---|---|---|---|---|---|---|
r-devel-linux-x86_64-debian-clang | 1.0.2 | 1.72 | 25.03 | 26.75 | NOTE | |
r-devel-linux-x86_64-debian-gcc | 1.0.2 | 1.56 | 20.18 | 21.74 | NOTE | |
r-devel-linux-x86_64-fedora-clang | 1.0.2 | 40.43 | OK | |||
r-devel-linux-x86_64-fedora-gcc | 1.0.2 | 39.51 | OK | |||
r-devel-windows-x86_64 | 1.0.2 | 3.00 | 58.00 | 61.00 | OK | |
r-patched-linux-x86_64 | 1.0.2 | 1.87 | 23.40 | 25.27 | OK | |
r-release-linux-x86_64 | 1.0.2 | 1.88 | 23.10 | 24.98 | OK | |
r-release-macos-arm64 | 1.0.2 | 35.00 | OK | |||
r-release-macos-x86_64 | 1.0.2 | 34.00 | OK | |||
r-release-windows-x86_64 | 1.0.2 | 4.00 | 59.00 | 63.00 | OK | |
r-oldrel-macos-arm64 | 1.0.2 | 20.00 | NOTE | |||
r-oldrel-macos-x86_64 | 1.0.2 | 29.00 | NOTE | |||
r-oldrel-windows-x86_64 | 1.0.2 | 3.00 | 61.00 | 64.00 | NOTE |
Version: 1.0.2
Check: CRAN incoming feasibility
Result: NOTE
Maintainer: ‘Roy Wetherall <rwetherall@gmail.com>’
No Authors@R field in DESCRIPTION.
Please add one, modifying
Authors@R: person(given = "Roy",
family = "Wetherall",
role = c("aut", "cre"),
email = "rwetherall@gmail.com")
as necessary.
Flavors: r-devel-linux-x86_64-debian-clang, r-devel-linux-x86_64-debian-gcc
Version: 1.0.2
Check: LazyData
Result: NOTE
'LazyData' is specified without a 'data' directory
Flavors: r-oldrel-macos-arm64, r-oldrel-macos-x86_64, r-oldrel-windows-x86_64