Last updated on 2025-05-04 03:50:58 CEST.
Flavor | Version | Tinstall | Tcheck | Ttotal | Status | Flags |
---|---|---|---|---|---|---|
r-devel-linux-x86_64-debian-clang | 4.2-3 | 9.02 | 40.79 | 49.81 | NOTE | |
r-devel-linux-x86_64-debian-gcc | 4.2-3 | 6.52 | 32.52 | 39.04 | NOTE | |
r-devel-linux-x86_64-fedora-clang | 4.2-3 | 78.10 | OK | |||
r-devel-linux-x86_64-fedora-gcc | 4.2-3 | 89.42 | OK | |||
r-devel-windows-x86_64 | 4.2-3 | 26.00 | 76.00 | 102.00 | OK | |
r-patched-linux-x86_64 | 4.2-3 | 7.90 | 39.01 | 46.91 | OK | |
r-release-linux-x86_64 | OK | |||||
r-release-macos-arm64 | 4.2-3 | 43.00 | OK | |||
r-release-macos-x86_64 | 4.2-3 | 71.00 | OK | |||
r-release-windows-x86_64 | 4.2-3 | 27.00 | 80.00 | 107.00 | OK | |
r-oldrel-macos-arm64 | 4.2-3 | 51.00 | OK | |||
r-oldrel-macos-x86_64 | 4.2-3 | 56.00 | OK | |||
r-oldrel-windows-x86_64 | 4.2-3 | 27.00 | 71.00 | 98.00 | OK |
Version: 4.2-3
Check: CRAN incoming feasibility
Result: NOTE
Maintainer: ‘Drew Schmidt <wrathematics@gmail.com>’
Package CITATION file contains call(s) to old-style personList() or
as.personList(). Please use c() on person objects instead.
Package CITATION file contains call(s) to old-style citEntry(). Please
use bibentry() instead.
Flavors: r-devel-linux-x86_64-debian-clang, r-devel-linux-x86_64-debian-gcc