Last updated on 2025-05-04 03:50:58 CEST.
Flavor | Version | Tinstall | Tcheck | Ttotal | Status | Flags |
---|---|---|---|---|---|---|
r-devel-linux-x86_64-debian-clang | 1.5-2 | 15.22 | 118.68 | 133.90 | NOTE | |
r-devel-linux-x86_64-debian-gcc | 1.5-3 | 9.83 | 87.76 | 97.59 | OK | |
r-devel-linux-x86_64-fedora-clang | 1.5-3 | 239.62 | OK | |||
r-devel-linux-x86_64-fedora-gcc | 1.5-3 | 210.24 | OK | |||
r-devel-windows-x86_64 | 1.5-3 | 14.00 | 126.00 | 140.00 | OK | |
r-patched-linux-x86_64 | 1.5-2 | 14.90 | 110.08 | 124.98 | NOTE | |
r-release-linux-x86_64 | NOTE | |||||
r-release-macos-arm64 | 1.5-3 | 52.00 | OK | |||
r-release-macos-x86_64 | 1.5-3 | 122.00 | OK | |||
r-release-windows-x86_64 | 1.5-3 | 11.00 | 143.00 | 154.00 | OK | |
r-oldrel-macos-arm64 | 1.5-3 | 58.00 | OK | |||
r-oldrel-macos-x86_64 | 1.5-3 | 125.00 | OK | |||
r-oldrel-windows-x86_64 | 1.5-3 | 13.00 | 147.00 | 160.00 | OK |
Version: 1.5-2
Check: Rd cross-references
Result: NOTE
Found the following Rd file(s) with Rd \link{} targets missing package
anchors:
doiplot.Rd: metabias, funnel.meta
forest.orbbound.Rd: forest.meta
funnel.limitmeta.Rd: funnel.meta
lfkindex.Rd: metabias, funnel.meta
Please provide package anchors for all Rd \link{} targets not in the
package itself and the base packages.
Flavors: r-devel-linux-x86_64-debian-clang, r-patched-linux-x86_64, r-release-linux-x86_64