Last updated on 2025-05-06 03:51:07 CEST.
Flavor | Version | Tinstall | Tcheck | Ttotal | Status | Flags |
---|---|---|---|---|---|---|
r-devel-linux-x86_64-debian-clang | 2.1.2 | 12.14 | 218.83 | 230.97 | OK | |
r-devel-linux-x86_64-debian-gcc | 2.1.2 | 8.37 | 156.90 | 165.27 | OK | |
r-devel-linux-x86_64-fedora-clang | 2.1.2 | 373.12 | OK | |||
r-devel-linux-x86_64-fedora-gcc | 2.1.2 | 365.18 | OK | |||
r-devel-windows-x86_64 | 2.1.2 | 18.00 | 266.00 | 284.00 | OK | |
r-patched-linux-x86_64 | 2.1.2 | 15.31 | 209.42 | 224.73 | OK | |
r-release-linux-x86_64 | 2.1.2 | 10.81 | 208.24 | 219.05 | OK | |
r-release-macos-arm64 | 2.1.2 | 121.00 | OK | |||
r-release-macos-x86_64 | 2.1.2 | 260.00 | OK | |||
r-release-windows-x86_64 | 2.1.2 | 18.00 | 264.00 | 282.00 | OK | |
r-oldrel-macos-arm64 | 2.1.2 | 130.00 | NOTE | |||
r-oldrel-macos-x86_64 | 2.1.2 | 255.00 | NOTE | |||
r-oldrel-windows-x86_64 | 2.1.2 | 22.00 | 320.00 | 342.00 | NOTE |
Version: 2.1.2
Check: installed package size
Result: NOTE
installed size is 5.1Mb
sub-directories of 1Mb or more:
doc 3.5Mb
Flavors: r-oldrel-macos-arm64, r-oldrel-macos-x86_64, r-oldrel-windows-x86_64