Last updated on 2025-05-06 03:51:07 CEST.
Flavor | Version | Tinstall | Tcheck | Ttotal | Status | Flags |
---|---|---|---|---|---|---|
r-devel-linux-x86_64-debian-clang | 0.1.2 | 3.94 | 32.33 | 36.27 | OK | |
r-devel-linux-x86_64-debian-gcc | 0.1.2 | 2.77 | 25.18 | 27.95 | OK | |
r-devel-linux-x86_64-fedora-clang | 0.1.2 | 53.69 | OK | |||
r-devel-linux-x86_64-fedora-gcc | 0.1.2 | 51.44 | OK | |||
r-devel-windows-x86_64 | 0.1.2 | 5.00 | 49.00 | 54.00 | OK | |
r-patched-linux-x86_64 | 0.1.2 | 3.16 | 29.15 | 32.31 | OK | |
r-release-linux-x86_64 | 0.1.2 | 3.80 | 30.11 | 33.91 | OK | |
r-release-macos-arm64 | 0.1.2 | 21.00 | OK | |||
r-release-macos-x86_64 | 0.1.2 | 34.00 | OK | |||
r-release-windows-x86_64 | 0.1.2 | 6.00 | 49.00 | 55.00 | OK | |
r-oldrel-macos-arm64 | 0.1.2 | 21.00 | NOTE | |||
r-oldrel-macos-x86_64 | 0.1.2 | 33.00 | NOTE | |||
r-oldrel-windows-x86_64 | 0.1.2 | 7.00 | 57.00 | 64.00 | NOTE |
Version: 0.1.2
Check: LazyData
Result: NOTE
'LazyData' is specified without a 'data' directory
Flavors: r-oldrel-macos-arm64, r-oldrel-macos-x86_64, r-oldrel-windows-x86_64