Last updated on 2025-10-31 02:50:36 CET.
| Flavor | Version | Tinstall | Tcheck | Ttotal | Status | Flags | 
|---|---|---|---|---|---|---|
| r-devel-linux-x86_64-debian-clang | 1.0.2 | 85.21 | 82.12 | 167.33 | OK | |
| r-devel-linux-x86_64-debian-gcc | 1.0.2 | 53.00 | 57.27 | 110.27 | OK | |
| r-devel-linux-x86_64-fedora-clang | 1.0.2 | 95.00 | 213.54 | 308.54 | NOTE | |
| r-devel-linux-x86_64-fedora-gcc | 1.0.2 | 112.00 | 166.33 | 278.33 | NOTE | |
| r-devel-windows-x86_64 | 1.0.2 | 98.00 | 137.00 | 235.00 | OK | |
| r-patched-linux-x86_64 | 1.0.2 | 86.65 | 76.32 | 162.97 | OK | |
| r-release-linux-x86_64 | 1.0.2 | 85.23 | 75.09 | 160.32 | OK | |
| r-release-macos-arm64 | 1.0.2 | 34.00 | 69.00 | 103.00 | OK | |
| r-release-macos-x86_64 | 1.0.2 | 55.00 | 77.00 | 132.00 | OK | |
| r-release-windows-x86_64 | 1.0.2 | 99.00 | 138.00 | 237.00 | OK | |
| r-oldrel-macos-arm64 | 1.0.2 | 29.00 | 41.00 | 70.00 | NOTE | |
| r-oldrel-macos-x86_64 | 1.0.2 | 31.00 | 91.00 | 122.00 | NOTE | |
| r-oldrel-windows-x86_64 | 1.0.2 | 115.00 | 169.00 | 284.00 | OK | 
Version: 1.0.2
Check: dependencies in R code
Result: NOTE
  Namespaces in Imports field not imported from:
    ‘RcppArmadillo’ ‘RcppGSL’
    All declared Imports should be used.
Flavors: r-devel-linux-x86_64-fedora-clang, r-devel-linux-x86_64-fedora-gcc
Version: 1.0.2
Check: installed package size
Result: NOTE
    installed size is  6.5Mb
    sub-directories of 1Mb or more:
      designs   1.4Mb
      libs      4.9Mb
Flavors: r-oldrel-macos-arm64, r-oldrel-macos-x86_64