CRAN Package Check Results for Package misc3d

Last updated on 2025-05-04 03:50:59 CEST.

Flavor Version Tinstall Tcheck Ttotal Status Flags
r-devel-linux-x86_64-debian-clang 0.9-1 5.31 41.51 46.82 NOTE
r-devel-linux-x86_64-debian-gcc 0.9-1 4.33 32.78 37.11 NOTE
r-devel-linux-x86_64-fedora-clang 0.9-1 73.93 OK
r-devel-linux-x86_64-fedora-gcc 0.9-1 74.01 OK
r-devel-windows-x86_64 0.9-1 5.00 89.00 94.00 OK
r-patched-linux-x86_64 0.9-1 5.13 40.32 45.45 NOTE
r-release-linux-x86_64 NOTE
r-release-macos-arm64 0.9-1 53.00 OK
r-release-macos-x86_64 0.9-1 63.00 OK
r-release-windows-x86_64 0.9-1 6.00 78.00 84.00 OK
r-oldrel-macos-arm64 0.9-1 44.00 OK
r-oldrel-macos-x86_64 0.9-1 46.00 OK
r-oldrel-windows-x86_64 0.9-1 6.00 84.00 90.00 OK

Check Details

Version: 0.9-1
Check: CRAN incoming feasibility
Result: NOTE Maintainer: ‘Luke Tierney <luke-tierney@uiowa.edu>’ No Authors@R field in DESCRIPTION. Please add one, modifying Authors@R: c(person(given = "Dai", family = "Feng", role = "aut"), person(given = "Luke", family = "Tierney", role = c("aut", "cre"), email = "luke-tierney@uiowa.edu")) as necessary. Package CITATION file contains call(s) to old-style personList() or as.personList(). Please use c() on person objects instead. Package CITATION file contains call(s) to old-style citEntry(). Please use bibentry() instead. Flavors: r-devel-linux-x86_64-debian-clang, r-devel-linux-x86_64-debian-gcc

Version: 0.9-1
Check: for unstated dependencies in ‘demo’
Result: NOTE 'library' or 'require' call not declared from: ‘maps’ Flavors: r-devel-linux-x86_64-debian-clang, r-devel-linux-x86_64-debian-gcc, r-patched-linux-x86_64, r-release-linux-x86_64