Last updated on 2025-10-31 02:50:36 CET.
| Flavor | Version | Tinstall | Tcheck | Ttotal | Status | Flags | 
|---|---|---|---|---|---|---|
| r-devel-linux-x86_64-debian-clang | 1.0.3 | 21.81 | 278.27 | 300.08 | OK | |
| r-devel-linux-x86_64-debian-gcc | 1.0.3 | 16.08 | 187.90 | 203.98 | OK | |
| r-devel-linux-x86_64-fedora-clang | 1.0.3 | 52.00 | 334.52 | 386.52 | ERROR | |
| r-devel-linux-x86_64-fedora-gcc | 1.0.3 | 89.00 | 382.94 | 471.94 | OK | |
| r-devel-windows-x86_64 | 1.0.3 | 25.00 | 283.00 | 308.00 | OK | |
| r-patched-linux-x86_64 | 1.0.3 | 22.26 | 259.48 | 281.74 | OK | |
| r-release-linux-x86_64 | 1.0.3 | 21.80 | 258.19 | 279.99 | OK | |
| r-release-macos-arm64 | 1.0.3 | 9.00 | 135.00 | 144.00 | OK | |
| r-release-macos-x86_64 | 1.0.3 | 20.00 | 287.00 | 307.00 | OK | |
| r-release-windows-x86_64 | 1.0.3 | 26.00 | 276.00 | 302.00 | OK | |
| r-oldrel-macos-arm64 | 1.0.3 | 9.00 | 118.00 | 127.00 | OK | |
| r-oldrel-macos-x86_64 | 1.0.3 | 14.00 | 181.00 | 195.00 | OK | |
| r-oldrel-windows-x86_64 | 1.0.3 | 35.00 | 399.00 | 434.00 | OK | 
Version: 1.0.3
Check: tests
Result: ERROR
    Running ‘testthat.R’ [59s/103s]
  Running the tests in ‘tests/testthat.R’ failed.
  Complete output:
    > library(testthat)
    > library(missCompare)
    
    Attaching package: 'missCompare'
    
    The following object is masked from 'package:stats':
    
        simulate
    
    > 
    > test_check("missCompare")
    [1] "random replacement imputation - in progress"
    [1] "mice mixed imputation - in progress"
    [1] "mi imputation - in progress"
    starting worker pid=3773529 on localhost:11309 at 06:45:29.516
    starting worker pid=3773528 on localhost:11309 at 06:45:29.616
    [1] "missForest imputation - in progress"
    [1] "Hmisc aregImpute imputation - in progress"
    [1] "VIM kNN imputation - in progress"
    [1] "random replacement imputation - in progress"
    [1] "mice mixed imputation - in progress"
    [1] "mi imputation - in progress"
    starting worker pid=3775264 on localhost:11309 at 06:45:40.217
    starting worker pid=3775265 on localhost:11309 at 06:45:40.311
    [1] "missForest imputation - in progress"
    [1] "Hmisc aregImpute imputation - in progress"
    [1] "VIM kNN imputation - in progress"
    [1] "random replacement imputation - in progress"
    [1] "Median imputation - in progress"
    [1] "Mean imputation - in progress"
    [1] "missMDA regularized imputation - in progress"
    [1] "missMDA EM imputation - in progress"
    [1] "pcaMethods PPCA imputation - in progress"
    [1] "pcaMethods svdImpute imputation - in progress"
    [1] "pcaMethods BPCA imputation - in progress"
    [1] "pcaMethods NIPALS imputation - in progress"
    [1] "pcaMethods NLPCA imputation - in progress"
    [1] "mice mixed imputation - in progress"
    [1] "mi imputation - in progress"
    starting worker pid=3777533 on localhost:11309 at 06:45:57.887
    starting worker pid=3777532 on localhost:11309 at 06:45:57.925
    [1] "Amelia II imputation - in progress"
    [1] "missForest imputation - in progress"
    [1] "Hmisc aregImpute imputation - in progress"
    [1] "VIM kNN imputation - in progress"
    [1] "random replacement imputation - in progress"
    [1] "Median imputation - in progress"
    [1] "Mean imputation - in progress"
    [1] "missMDA regularized imputation - in progress"
    [1] "missMDA EM imputation - in progress"
    [1] "pcaMethods PPCA imputation - in progress"
    [1] "pcaMethods svdImpute imputation - in progress"
    [1] "pcaMethods BPCA imputation - in progress"
    [1] "pcaMethods NIPALS imputation - in progress"
    [1] "pcaMethods NLPCA imputation - in progress"
    [1] "mice mixed imputation - in progress"
    [1] "mi imputation - in progress"
    starting worker pid=3778873 on localhost:11309 at 06:46:14.038
    starting worker pid=3778872 on localhost:11309 at 06:46:14.052
    [1] "Amelia II imputation - in progress"
    [1] "missForest imputation - in progress"
    [1] "Hmisc aregImpute imputation - in progress"
    [1] "VIM kNN imputation - in progress"
    [1] "Median imputation - in progress"
    [1] "Mean imputation - in progress"
    [1] "missMDA regularized imputation - in progress"
    [1] "missMDA EM imputation - in progress"
    [1] "pcaMethods svdImpute imputation - in progress"
    [1] "pcaMethods BPCA imputation - in progress"
    [1] "pcaMethods NIPALS imputation - in progress"
    [1] "VIM kNN imputation - in progress"
    [1] "random replacement imputation - in progress"
    [1] "ITERATION 1 OF TOTAL 1 - IN PROGRESS"
    [1] "random replacement imputation - in progress"
    [1] "Median imputation - in progress"
    [1] "Mean imputation - in progress"
    [1] "missMDA regularized imputation - in progress"
    [1] "missMDA EM imputation - in progress"
    [1] "pcaMethods PPCA imputation - in progress"
    [1] "pcaMethods svdImpute imputation - in progress"
    [1] "pcaMethods BPCA imputation - in progress"
    [1] "pcaMethods NIPALS imputation - in progress"
    [1] "pcaMethods NLPCA imputation - in progress"
    [1] "mice mixed imputation - in progress"
    [1] "mi imputation - in progress"
    starting worker pid=3782565 on localhost:11309 at 06:46:45.064
    starting worker pid=3782564 on localhost:11309 at 06:46:45.066
    starting worker pid=3782834 on localhost:11309 at 06:46:49.780
    starting worker pid=3782835 on localhost:11309 at 06:46:49.781
    starting worker pid=3783133 on localhost:11309 at 06:46:54.476
    starting worker pid=3783134 on localhost:11309 at 06:46:54.500
    [1] "Amelia II imputation - in progress"
    [1] "missForest imputation - in progress"
    [1] "Hmisc aregImpute imputation - in progress"
    [ FAIL 1 | WARN 1 | SKIP 0 | PASS 35 ]
    
    ══ Failed tests ════════════════════════════════════════════════════════════════
    ── Failure ('test.imp_simulation.R:17:3'): simulation runs without errors ──────
    `impute_simulated(...)` threw an error.
    Message: 
    Class:   simpleError/error/condition
    Backtrace:
         ▆
      1. ├─base::suppressWarnings(...) at test.imp_simulation.R:17:3
      2. │ └─base::withCallingHandlers(...)
      3. ├─testthat::expect_error(...)
      4. │ └─testthat:::quasi_capture(...)
      5. │   ├─testthat (local) .capture(...)
      6. │   │ └─base::withCallingHandlers(...)
      7. │   └─rlang::eval_bare(quo_get_expr(.quo), quo_get_env(.quo))
      8. └─missCompare::impute_simulated(...)
      9.   ├─base::as.data.frame(test_aregImpute(sim$Simulated_matrix, list = res))
     10.   └─missCompare::test_aregImpute(sim$Simulated_matrix, list = res)
     11.     ├─utils::capture.output(results <- lapply(list, aregImpute_imp))
     12.     │ └─base::withVisible(...elt(i))
     13.     └─base::lapply(list, aregImpute_imp)
     14.       └─missCompare (local) FUN(X[[i]], ...)
     15.         └─Hmisc::aregImpute(...)
     16.           └─Hmisc::areg(...)
     17.             └─Hmisc::aregTran(x[, i], xtype[i], nk)
     18.               └─Hmisc::rcspline.eval(z, knots = parms, nk = nk, inclx = TRUE)
    
    [ FAIL 1 | WARN 1 | SKIP 0 | PASS 35 ]
    Error: Test failures
    Execution halted
Flavor: r-devel-linux-x86_64-fedora-clang