Last updated on 2025-05-04 03:50:59 CEST.
Flavor | Version | Tinstall | Tcheck | Ttotal | Status | Flags |
---|---|---|---|---|---|---|
r-devel-linux-x86_64-debian-clang | 1.0.1 | 4.57 | 49.00 | 53.57 | NOTE | |
r-devel-linux-x86_64-debian-gcc | 1.0.1 | 3.94 | 36.06 | 40.00 | NOTE | |
r-devel-linux-x86_64-fedora-clang | 1.0.1 | 82.46 | OK | |||
r-devel-linux-x86_64-fedora-gcc | 1.0.1 | 81.49 | OK | |||
r-devel-windows-x86_64 | 1.0.1 | 7.00 | 72.00 | 79.00 | OK | |
r-patched-linux-x86_64 | 1.0.1 | 5.44 | 45.84 | 51.28 | OK | |
r-release-linux-x86_64 | OK | |||||
r-release-macos-arm64 | 1.0.1 | 26.00 | OK | |||
r-release-macos-x86_64 | 1.0.1 | 44.00 | OK | |||
r-release-windows-x86_64 | 1.0.1 | 7.00 | 64.00 | 71.00 | OK | |
r-oldrel-macos-arm64 | 1.0.1 | 26.00 | OK | |||
r-oldrel-macos-x86_64 | 1.0.1 | 36.00 | OK | |||
r-oldrel-windows-x86_64 | 1.0.1 | 9.00 | 78.00 | 87.00 | OK |
Version: 1.0.1
Check: CRAN incoming feasibility
Result: NOTE
Maintainer: ‘Moritz Marbach <moritz.marbach@tamu.edu>’
No Authors@R field in DESCRIPTION.
Please add one, modifying
Authors@R: person(given = "Moritz",
family = "Marbach",
role = c("aut", "cre"),
email = "moritz.marbach@tamu.edu")
as necessary.
The Description field contains
<arXiv:2107.05427>.
Please refer to arXiv e-prints via their arXiv DOI <doi:10.48550/arXiv.YYMM.NNNNN>.
Flavors: r-devel-linux-x86_64-debian-clang, r-devel-linux-x86_64-debian-gcc