Last updated on 2025-05-07 03:51:06 CEST.
Flavor | Version | Tinstall | Tcheck | Ttotal | Status | Flags |
---|---|---|---|---|---|---|
r-devel-linux-x86_64-debian-clang | 1.2 | 1.87 | 16.85 | 18.72 | NOTE | |
r-devel-linux-x86_64-debian-gcc | 1.2 | 1.43 | 13.65 | 15.08 | NOTE | |
r-devel-linux-x86_64-fedora-clang | 1.2 | 29.00 | OK | |||
r-devel-linux-x86_64-fedora-gcc | 1.2 | 27.76 | OK | |||
r-devel-windows-x86_64 | 1.2 | 3.00 | 35.00 | 38.00 | OK | |
r-patched-linux-x86_64 | 1.2 | 1.77 | 16.14 | 17.91 | OK | |
r-release-linux-x86_64 | 1.2 | 1.89 | 16.14 | 18.03 | OK | |
r-release-macos-arm64 | 1.2 | 15.00 | OK | |||
r-release-macos-x86_64 | 1.2 | 30.00 | OK | |||
r-release-windows-x86_64 | 1.2 | 2.00 | 37.00 | 39.00 | OK | |
r-oldrel-macos-arm64 | 1.2 | 14.00 | OK | |||
r-oldrel-macos-x86_64 | 1.2 | 19.00 | OK | |||
r-oldrel-windows-x86_64 | 1.2 | 3.00 | 34.00 | 37.00 | OK |
Version: 1.2
Check: CRAN incoming feasibility
Result: NOTE
Maintainer: ‘B N Mandal <mandal.stat@gmail.com>’
No Authors@R field in DESCRIPTION.
Please add one, modifying
Authors@R: person(given = c("B", "N"),
family = "Mandal",
role = c("aut", "cre"),
email = "mandal.stat@gmail.com")
as necessary.
Flavors: r-devel-linux-x86_64-debian-clang, r-devel-linux-x86_64-debian-gcc