CRAN Package Check Results for Package mldr

Last updated on 2025-07-05 03:48:42 CEST.

Flavor Version Tinstall Tcheck Ttotal Status Flags
r-devel-linux-x86_64-debian-clang 0.4.3 7.18 71.15 78.33 NOTE
r-devel-linux-x86_64-debian-gcc 0.4.3 4.92 52.95 57.87 NOTE
r-devel-linux-x86_64-fedora-clang 0.4.3 120.78 NOTE
r-devel-linux-x86_64-fedora-gcc 0.4.3 128.66 NOTE
r-devel-windows-x86_64 0.4.3 8.00 103.00 111.00 NOTE
r-patched-linux-x86_64 0.4.3 7.44 66.69 74.13 NOTE
r-release-linux-x86_64 0.4.3 6.94 65.62 72.56 NOTE
r-release-macos-arm64 0.4.3 58.00 NOTE
r-release-macos-x86_64 0.4.3 149.00 NOTE
r-release-windows-x86_64 0.4.3 9.00 98.00 107.00 NOTE
r-oldrel-macos-arm64 0.4.3 43.00 NOTE
r-oldrel-macos-x86_64 0.4.3 97.00 NOTE
r-oldrel-windows-x86_64 0.4.3 11.00 117.00 128.00 NOTE

Check Details

Version: 0.4.3
Check: CRAN incoming feasibility
Result: NOTE Maintainer: ‘David Charte <fdavidcl@ugr.es>’ Package CITATION file contains call(s) to old-style citEntry(). Please use bibentry() instead. Flavors: r-devel-linux-x86_64-debian-clang, r-devel-linux-x86_64-debian-gcc

Version: 0.4.3
Check: Rd files
Result: NOTE checkRd: (-1) mldrGUI.Rd:22-25: Lost braces in \itemize; meant \describe ? checkRd: (-1) mldrGUI.Rd:26-28: Lost braces in \itemize; meant \describe ? checkRd: (-1) mldrGUI.Rd:29: Lost braces in \itemize; meant \describe ? checkRd: (-1) mldrGUI.Rd:30-31: Lost braces in \itemize; meant \describe ? checkRd: (-1) mldrGUI.Rd:32-34: Lost braces in \itemize; meant \describe ? Flavors: r-devel-linux-x86_64-debian-clang, r-devel-linux-x86_64-debian-gcc, r-devel-linux-x86_64-fedora-clang, r-devel-linux-x86_64-fedora-gcc, r-devel-windows-x86_64, r-patched-linux-x86_64, r-release-linux-x86_64, r-release-macos-arm64, r-release-macos-x86_64, r-release-windows-x86_64, r-oldrel-macos-arm64, r-oldrel-macos-x86_64, r-oldrel-windows-x86_64