CRAN Package Check Results for Package mlmts

Last updated on 2025-07-24 03:50:04 CEST.

Flavor Version Tinstall Tcheck Ttotal Status Flags
r-devel-linux-x86_64-debian-clang 1.1.2 12.78 124.19 136.97 OK
r-devel-linux-x86_64-debian-gcc 1.1.2 9.53 85.95 95.48 OK
r-devel-linux-x86_64-fedora-clang 1.1.2 232.05 NOTE
r-devel-linux-x86_64-fedora-gcc 1.1.2 224.20 NOTE
r-devel-windows-x86_64 1.1.2 17.00 153.00 170.00 OK
r-patched-linux-x86_64 1.1.2 13.58 124.30 137.88 OK
r-release-linux-x86_64 1.1.2 12.97 127.73 140.70 OK
r-release-macos-arm64 1.1.2 103.00 OK
r-release-macos-x86_64 1.1.2 161.00 OK
r-release-windows-x86_64 1.1.2 15.00 143.00 158.00 OK
r-oldrel-macos-arm64 1.1.2 141.00 NOTE
r-oldrel-macos-x86_64 1.1.2 183.00 NOTE
r-oldrel-windows-x86_64 1.1.2 20.00 174.00 194.00 NOTE

Check Details

Version: 1.1.2
Check: dependencies in R code
Result: NOTE Namespaces in Imports field not imported from: ‘ClusterR’ ‘MASS’ ‘Rdpack’ ‘multiwave’ ‘randomForest’ ‘ranger’ All declared Imports should be used. Flavors: r-devel-linux-x86_64-fedora-clang, r-devel-linux-x86_64-fedora-gcc

Version: 1.1.2
Check: package dependencies
Result: NOTE Packages suggested but not available for checking: 'ueadata1', 'ueadata2', 'ueadata3', 'ueadata4', 'ueadata5', 'ueadata6', 'ueadata7', 'ueadata8' Flavors: r-oldrel-macos-arm64, r-oldrel-macos-x86_64, r-oldrel-windows-x86_64