Last updated on 2025-10-31 02:50:36 CET.
| Flavor | Version | Tinstall | Tcheck | Ttotal | Status | Flags | 
|---|---|---|---|---|---|---|
| r-devel-linux-x86_64-debian-clang | 1.1.1 | 3.46 | 661.77 | 665.23 | NOTE | |
| r-devel-linux-x86_64-debian-gcc | 1.1.1 | 2.88 | 355.55 | 358.43 | NOTE | |
| r-devel-linux-x86_64-fedora-clang | 1.1.1 | 1078.16 | NOTE | |||
| r-devel-linux-x86_64-fedora-gcc | 1.1.1 | 27.00 | 1188.61 | 1215.61 | NOTE | |
| r-devel-windows-x86_64 | 1.1.1 | 6.00 | 530.00 | 536.00 | NOTE | |
| r-patched-linux-x86_64 | 1.1.1 | 3.11 | 637.79 | 640.90 | NOTE | |
| r-release-linux-x86_64 | 1.1.1 | 3.68 | 658.24 | 661.92 | NOTE | |
| r-release-macos-arm64 | 1.1.1 | 2.00 | 235.00 | 237.00 | NOTE | |
| r-release-macos-x86_64 | 1.1.1 | 4.00 | 628.00 | 632.00 | NOTE | |
| r-release-windows-x86_64 | 1.1.1 | 6.00 | 544.00 | 550.00 | NOTE | |
| r-oldrel-macos-arm64 | 1.1.1 | 2.00 | 216.00 | 218.00 | OK | |
| r-oldrel-macos-x86_64 | 1.1.1 | 4.00 | 414.00 | 418.00 | OK | |
| r-oldrel-windows-x86_64 | 1.1.1 | 7.00 | 843.00 | 850.00 | OK | 
Version: 1.1.1
Check: DESCRIPTION meta-information
Result: NOTE
    Missing dependency on R >= 4.1.0 because package code uses the pipe
    |> or function shorthand \(...) syntax added in R 4.1.0.
    File(s) using such syntax:
      ‘example.simfun.R’ ‘fit.surrogate.R’
Flavors: r-devel-linux-x86_64-debian-clang, r-devel-linux-x86_64-debian-gcc, r-devel-linux-x86_64-fedora-clang, r-devel-linux-x86_64-fedora-gcc, r-devel-windows-x86_64, r-patched-linux-x86_64, r-release-linux-x86_64, r-release-macos-arm64, r-release-macos-x86_64, r-release-windows-x86_64