Last updated on 2025-11-02 02:50:50 CET.
| Flavor | Version | Tinstall | Tcheck | Ttotal | Status | Flags |
|---|---|---|---|---|---|---|
| r-devel-linux-x86_64-debian-clang | 1.0.9 | 2.52 | 56.58 | 59.10 | OK | |
| r-devel-linux-x86_64-debian-gcc | 1.0.9 | 2.01 | 40.23 | 42.24 | OK | |
| r-devel-linux-x86_64-fedora-clang | 1.0.9 | 90.37 | NOTE | |||
| r-devel-linux-x86_64-fedora-gcc | 1.0.9 | 85.39 | NOTE | |||
| r-devel-windows-x86_64 | 1.0.9 | 5.00 | 70.00 | 75.00 | OK | |
| r-patched-linux-x86_64 | 1.0.9 | 2.78 | 54.62 | 57.40 | OK | |
| r-release-linux-x86_64 | 1.0.9 | 2.53 | 55.33 | 57.86 | OK | |
| r-release-macos-arm64 | 1.0.9 | 1.00 | 29.00 | 30.00 | OK | |
| r-release-macos-x86_64 | 1.0.9 | 4.00 | 87.00 | 91.00 | OK | |
| r-release-windows-x86_64 | 1.0.9 | 5.00 | 68.00 | 73.00 | OK | |
| r-oldrel-macos-arm64 | 1.0.9 | 1.00 | 25.00 | 26.00 | OK | |
| r-oldrel-macos-x86_64 | 1.0.9 | 2.00 | 39.00 | 41.00 | OK | |
| r-oldrel-windows-x86_64 | 1.0.9 | 6.00 | 96.00 | 102.00 | OK |
Version: 1.0.9
Check: dependencies in R code
Result: NOTE
Namespaces in Imports field not imported from:
‘MASS’ ‘Matrix’ ‘magrittr’ ‘reticulate’ ‘tensorflow’ ‘usethis’
All declared Imports should be used.
Flavors: r-devel-linux-x86_64-fedora-clang, r-devel-linux-x86_64-fedora-gcc