Last updated on 2025-05-07 03:51:06 CEST.
Flavor | Version | Tinstall | Tcheck | Ttotal | Status | Flags |
---|---|---|---|---|---|---|
r-devel-linux-x86_64-debian-clang | 0.2.2 | 4.00 | 31.14 | 35.14 | OK | |
r-devel-linux-x86_64-debian-gcc | 0.2.2 | 2.94 | 24.71 | 27.65 | OK | |
r-devel-linux-x86_64-fedora-clang | 0.2.2 | 54.98 | OK | |||
r-devel-linux-x86_64-fedora-gcc | 0.2.2 | 52.47 | OK | |||
r-devel-windows-x86_64 | 0.2.2 | 6.00 | 50.00 | 56.00 | OK | |
r-patched-linux-x86_64 | 0.2.2 | 3.62 | 30.18 | 33.80 | OK | |
r-release-linux-x86_64 | 0.2.2 | 4.39 | 30.52 | 34.91 | OK | |
r-release-macos-arm64 | 0.2.2 | 22.00 | OK | |||
r-release-macos-x86_64 | 0.2.2 | 38.00 | OK | |||
r-release-windows-x86_64 | 0.2.2 | 7.00 | 51.00 | 58.00 | OK | |
r-oldrel-macos-arm64 | 0.2.2 | 20.00 | NOTE | |||
r-oldrel-macos-x86_64 | 0.2.2 | 31.00 | NOTE | |||
r-oldrel-windows-x86_64 | 0.2.2 | 8.00 | 61.00 | 69.00 | NOTE |
Version: 0.2.2
Check: installed package size
Result: NOTE
installed size is 14.8Mb
sub-directories of 1Mb or more:
htmlwidgets 14.7Mb
Flavors: r-oldrel-macos-arm64, r-oldrel-macos-x86_64, r-oldrel-windows-x86_64