Last updated on 2025-10-30 02:49:07 CET.
| Flavor | Version | Tinstall | Tcheck | Ttotal | Status | Flags | 
|---|---|---|---|---|---|---|
| r-devel-linux-x86_64-debian-clang | 1.1.1 | 7.04 | 94.88 | 101.92 | OK | |
| r-devel-linux-x86_64-debian-gcc | 1.1.1 | 4.90 | 69.47 | 74.37 | OK | |
| r-devel-linux-x86_64-fedora-clang | 1.1.1 | 16.00 | 139.51 | 155.51 | OK | |
| r-devel-linux-x86_64-fedora-gcc | 1.1.1 | 17.00 | 145.96 | 162.96 | OK | |
| r-devel-windows-x86_64 | 1.1.1 | 9.00 | 93.00 | 102.00 | OK | |
| r-patched-linux-x86_64 | 1.1.1 | 6.86 | 88.36 | 95.22 | OK | |
| r-release-linux-x86_64 | 1.1.1 | 7.01 | 88.04 | 95.05 | OK | |
| r-release-macos-arm64 | 1.1.1 | 4.00 | 49.00 | 53.00 | OK | |
| r-release-macos-x86_64 | 1.1.1 | 5.00 | 86.00 | 91.00 | OK | |
| r-release-windows-x86_64 | 1.1.1 | 10.00 | 93.00 | 103.00 | OK | |
| r-oldrel-macos-arm64 | 1.1.1 | 2.00 | 61.00 | 63.00 | OK | |
| r-oldrel-macos-x86_64 | 1.1.1 | 6.00 | 101.00 | 107.00 | OK | |
| r-oldrel-windows-x86_64 | 1.1.1 | 12.00 | 119.00 | 131.00 | ERROR | 
Version: 1.1.1
Check: re-building of vignette outputs
Result: ERROR
  Error(s) in re-building vignettes:
  --- re-building 'moveEZ.Rmd' using rmarkdown
  File anim1.gif not found in resource path
  Error: processing vignette 'moveEZ.Rmd' failed with diagnostics:
  pandoc document conversion failed with error 99
  --- failed re-building 'moveEZ.Rmd'
  
  SUMMARY: processing the following file failed:
    'moveEZ.Rmd'
  
  Error: Vignette re-building failed.
  Execution halted
Flavor: r-oldrel-windows-x86_64