Last updated on 2025-05-06 03:51:08 CEST.
Flavor | Version | Tinstall | Tcheck | Ttotal | Status | Flags |
---|---|---|---|---|---|---|
r-devel-linux-x86_64-debian-clang | 0.4.1 | 40.39 | 23.59 | 63.98 | NOTE | |
r-devel-linux-x86_64-debian-gcc | 0.4.1 | 27.25 | 18.91 | 46.16 | NOTE | |
r-devel-linux-x86_64-fedora-clang | 0.4.1 | 122.33 | NOTE | |||
r-devel-linux-x86_64-fedora-gcc | 0.4.1 | 117.65 | NOTE | |||
r-devel-windows-x86_64 | 0.4.1 | 45.00 | 62.00 | 107.00 | OK | |
r-patched-linux-x86_64 | 0.4.1 | 38.11 | 22.80 | 60.91 | OK | |
r-release-linux-x86_64 | 0.4.1 | 37.37 | 22.89 | 60.26 | OK | |
r-release-macos-arm64 | 0.4.1 | 33.00 | OK | |||
r-release-macos-x86_64 | 0.4.1 | 41.00 | OK | |||
r-release-windows-x86_64 | 0.4.1 | 45.00 | 63.00 | 108.00 | OK | |
r-oldrel-macos-arm64 | 0.4.1 | 30.00 | OK | |||
r-oldrel-macos-x86_64 | 0.4.1 | 36.00 | OK | |||
r-oldrel-windows-x86_64 | 0.4.1 | 52.00 | 74.00 | 126.00 | OK |
Version: 0.4.1
Check: CRAN incoming feasibility
Result: NOTE
Maintainer: ‘Francisco M. Fatore <fmfatore@gmail.com>’
No Authors@R field in DESCRIPTION.
Please add one, modifying
Authors@R: c(person(given = c("Francisco", "M."),
family = "Fatore",
role = c("aut", "cre"),
email = "fmfatore@gmail.com"),
person(given = c("Samuel", "G."),
family = "Fadel",
role = "aut"))
as necessary.
Flavors: r-devel-linux-x86_64-debian-clang, r-devel-linux-x86_64-debian-gcc
Version: 0.4.1
Check: compiled code
Result: NOTE
File ‘mp/libs/mp.so’:
Found no calls to: ‘R_registerRoutines’, ‘R_useDynamicSymbols’
It is good practice to register native routines and to disable symbol
search.
See ‘Writing portable packages’ in the ‘Writing R Extensions’ manual.
Flavors: r-devel-linux-x86_64-fedora-clang, r-devel-linux-x86_64-fedora-gcc