Last updated on 2025-05-06 03:51:09 CEST.
Flavor | Version | Tinstall | Tcheck | Ttotal | Status | Flags |
---|---|---|---|---|---|---|
r-devel-linux-x86_64-debian-clang | 1.3.5 | 4.35 | 24.10 | 28.45 | NOTE | |
r-devel-linux-x86_64-debian-gcc | 1.3.5 | 3.14 | 18.58 | 21.72 | NOTE | |
r-devel-linux-x86_64-fedora-clang | 1.3.5 | 43.79 | OK | |||
r-devel-linux-x86_64-fedora-gcc | 1.3.5 | 43.12 | OK | |||
r-devel-windows-x86_64 | 1.3.5 | 7.00 | 44.00 | 51.00 | OK | |
r-patched-linux-x86_64 | 1.3.5 | 4.33 | 23.32 | 27.65 | OK | |
r-release-linux-x86_64 | 1.3.5 | 3.95 | 22.75 | 26.70 | OK | |
r-release-macos-arm64 | 1.3.5 | 22.00 | OK | |||
r-release-macos-x86_64 | 1.3.5 | 31.00 | OK | |||
r-release-windows-x86_64 | 1.3.5 | 7.00 | 46.00 | 53.00 | OK | |
r-oldrel-macos-arm64 | 1.3.5 | 17.00 | OK | |||
r-oldrel-macos-x86_64 | 1.3.5 | 26.00 | OK | |||
r-oldrel-windows-x86_64 | 1.3.5 | 8.00 | 41.00 | 49.00 | OK |
Version: 1.3.5
Check: CRAN incoming feasibility
Result: NOTE
Maintainer: ‘Kei Hirose <mail@keihirose.com>’
No Authors@R field in DESCRIPTION.
Please add one, modifying
Authors@R: person(given = "Kei",
family = "Hirose",
role = c("aut", "cre"),
email = "mail@keihirose.com")
as necessary.
Flavors: r-devel-linux-x86_64-debian-clang, r-devel-linux-x86_64-debian-gcc