Last updated on 2025-05-06 03:51:09 CEST.
Flavor | Version | Tinstall | Tcheck | Ttotal | Status | Flags |
---|---|---|---|---|---|---|
r-devel-linux-x86_64-debian-clang | 10.0.2 | 3.85 | 40.86 | 44.71 | OK | |
r-devel-linux-x86_64-debian-gcc | 10.0.2 | 2.75 | 31.11 | 33.86 | OK | |
r-devel-linux-x86_64-fedora-clang | 10.0.2 | 75.38 | OK | |||
r-devel-linux-x86_64-fedora-gcc | 10.0.2 | 66.07 | OK | |||
r-devel-windows-x86_64 | 10.0.2 | 6.00 | 58.00 | 64.00 | OK | |
r-patched-linux-x86_64 | 10.0.2 | 3.80 | 38.60 | 42.40 | OK | |
r-release-linux-x86_64 | 10.0.2 | 4.11 | 38.17 | 42.28 | OK | |
r-release-macos-arm64 | 10.0.2 | 25.00 | OK | |||
r-release-macos-x86_64 | 10.0.2 | 39.00 | OK | |||
r-release-windows-x86_64 | 10.0.2 | 6.00 | 56.00 | 62.00 | OK | |
r-oldrel-macos-arm64 | 10.0.2 | 30.00 | NOTE | |||
r-oldrel-macos-x86_64 | 10.0.2 | 46.00 | NOTE | |||
r-oldrel-windows-x86_64 | 10.0.2 | 8.00 | 66.00 | 74.00 | NOTE |
Version: 10.0.2
Check: package dependencies
Result: NOTE
Package suggested but not available for checking: ‘msigdbdf’
Flavors: r-oldrel-macos-arm64, r-oldrel-macos-x86_64, r-oldrel-windows-x86_64