Last updated on 2025-10-31 02:50:37 CET.
| Flavor | Version | Tinstall | Tcheck | Ttotal | Status | Flags | 
|---|---|---|---|---|---|---|
| r-devel-linux-x86_64-debian-clang | 1.0 | 10.85 | 84.25 | 95.10 | NOTE | |
| r-devel-linux-x86_64-debian-gcc | 1.0 | 7.56 | 58.97 | 66.53 | NOTE | |
| r-devel-linux-x86_64-fedora-clang | 1.0 | 23.00 | 124.26 | 147.26 | NOTE | |
| r-devel-linux-x86_64-fedora-gcc | 1.0 | 25.00 | 111.83 | 136.83 | NOTE | |
| r-devel-windows-x86_64 | 1.0 | 12.00 | 88.00 | 100.00 | OK | |
| r-patched-linux-x86_64 | 1.0 | 11.29 | 78.67 | 89.96 | NOTE | |
| r-release-linux-x86_64 | 1.0 | 10.76 | 79.87 | 90.63 | NOTE | |
| r-release-macos-arm64 | 1.0 | 4.00 | 29.00 | 33.00 | OK | |
| r-release-macos-x86_64 | 1.0 | 13.00 | 71.00 | 84.00 | OK | |
| r-release-windows-x86_64 | 1.0 | 13.00 | 89.00 | 102.00 | OK | |
| r-oldrel-macos-arm64 | 1.0 | 5.00 | 36.00 | 41.00 | OK | |
| r-oldrel-macos-x86_64 | 1.0 | 7.00 | 53.00 | 60.00 | OK | |
| r-oldrel-windows-x86_64 | 1.0 | 18.00 | 117.00 | 135.00 | OK | 
Version: 1.0
Check: CRAN incoming feasibility
Result: NOTE
  Maintainer: ‘Phil J Watson <philwatson.slr@gmail.com>’
  
  No Authors@R field in DESCRIPTION.
  Please add one, modifying
    Authors@R: person(given = c("Phil", "J"),
                      family = "Watson",
                      role = c("aut", "cre"),
                      email = "philwatson.slr@gmail.com")
  as necessary.
Flavors: r-devel-linux-x86_64-debian-clang, r-devel-linux-x86_64-debian-gcc
Version: 1.0
Check: for non-standard things in the check directory
Result: NOTE
  Found the following files/directories:
    ‘Acceleration.pdf’ ‘File1.pdf’ ‘Forecast.pdf’ ‘Series.pdf’
    ‘Velocity.pdf’
Flavors: r-devel-linux-x86_64-debian-clang, r-devel-linux-x86_64-debian-gcc, r-devel-linux-x86_64-fedora-clang, r-devel-linux-x86_64-fedora-gcc, r-patched-linux-x86_64, r-release-linux-x86_64