CRAN Package Check Results for Package mstclustering

Last updated on 2025-07-04 03:50:31 CEST.

Flavor Version Tinstall Tcheck Ttotal Status Flags
r-devel-linux-x86_64-debian-clang 1.0.0.0 3.21 32.93 36.14 NOTE
r-devel-linux-x86_64-debian-gcc 1.0.0.0 2.33 24.49 26.82 NOTE
r-devel-linux-x86_64-fedora-clang 1.0.0.0 55.61 OK
r-devel-linux-x86_64-fedora-gcc 1.0.0.0 52.40 OK
r-devel-windows-x86_64 1.0.0.0 4.00 49.00 53.00 OK
r-patched-linux-x86_64 1.0.0.0 3.32 30.06 33.38 OK
r-release-linux-x86_64 1.0.0.0 3.46 30.13 33.59 OK
r-release-macos-arm64 1.0.0.0 30.00 OK
r-release-macos-x86_64 1.0.0.0 36.00 OK
r-release-windows-x86_64 1.0.0.0 5.00 50.00 55.00 OK
r-oldrel-macos-arm64 1.0.0.0 21.00 OK
r-oldrel-macos-x86_64 1.0.0.0 31.00 OK
r-oldrel-windows-x86_64 1.0.0.0 6.00 58.00 64.00 OK

Check Details

Version: 1.0.0.0
Check: CRAN incoming feasibility
Result: NOTE Maintainer: ‘Kevin Michael Frick <kmfrick98@gmail.com>’ No Authors@R field in DESCRIPTION. Please add one, modifying Authors@R: person(given = c("Kevin", "Michael"), family = "Frick", role = c("aut", "cre"), email = "kmfrick98@gmail.com") as necessary. Flavors: r-devel-linux-x86_64-debian-clang, r-devel-linux-x86_64-debian-gcc