Last updated on 2025-05-06 03:51:09 CEST.
Flavor | Version | Tinstall | Tcheck | Ttotal | Status | Flags |
---|---|---|---|---|---|---|
r-devel-linux-x86_64-debian-clang | 0.1.0 | 15.67 | 130.83 | 146.50 | NOTE | |
r-devel-linux-x86_64-debian-gcc | 0.1.0 | 10.86 | 90.35 | 101.21 | NOTE | |
r-devel-linux-x86_64-fedora-clang | 0.1.0 | 218.39 | OK | |||
r-devel-linux-x86_64-fedora-gcc | 0.1.0 | 218.92 | OK | |||
r-devel-windows-x86_64 | 0.1.0 | 16.00 | 130.00 | 146.00 | OK | |
r-patched-linux-x86_64 | 0.1.0 | 14.42 | 122.97 | 137.39 | OK | |
r-release-linux-x86_64 | 0.1.0 | 12.53 | 123.98 | 136.51 | OK | |
r-release-macos-arm64 | 0.1.0 | 59.00 | OK | |||
r-release-macos-x86_64 | 0.1.0 | 112.00 | OK | |||
r-release-windows-x86_64 | 0.1.0 | 17.00 | 131.00 | 148.00 | OK | |
r-oldrel-macos-arm64 | 0.1.0 | 58.00 | OK | |||
r-oldrel-macos-x86_64 | 0.1.0 | 82.00 | OK | |||
r-oldrel-windows-x86_64 | 0.1.0 | 22.00 | 171.00 | 193.00 | OK |
Version: 0.1.0
Check: CRAN incoming feasibility
Result: NOTE
Maintainer: ‘Ye Tian <ye.t@columbia.edu>’
The Description field contains
Y., Weng, H., & Feng, Y. (2022) <arXiv:2209.15224>.
Please refer to arXiv e-prints via their arXiv DOI <doi:10.48550/arXiv.YYMM.NNNNN>.
Flavors: r-devel-linux-x86_64-debian-clang, r-devel-linux-x86_64-debian-gcc