Last updated on 2025-05-06 03:51:09 CEST.
Flavor | Version | Tinstall | Tcheck | Ttotal | Status | Flags |
---|---|---|---|---|---|---|
r-devel-linux-x86_64-debian-clang | 1.0.3 | 26.34 | 33.52 | 59.86 | NOTE | |
r-devel-linux-x86_64-debian-gcc | 1.0.3 | 19.85 | 24.76 | 44.61 | NOTE | |
r-devel-linux-x86_64-fedora-clang | 1.0.3 | 104.89 | OK | |||
r-devel-linux-x86_64-fedora-gcc | 1.0.3 | 112.86 | OK | |||
r-devel-windows-x86_64 | 1.0.3 | 31.00 | 65.00 | 96.00 | OK | |
r-patched-linux-x86_64 | 1.0.3 | 28.60 | 31.52 | 60.12 | OK | |
r-release-linux-x86_64 | 1.0.3 | 28.19 | 31.73 | 59.92 | OK | |
r-release-macos-arm64 | 1.0.3 | 31.00 | OK | |||
r-release-macos-x86_64 | 1.0.3 | 51.00 | OK | |||
r-release-windows-x86_64 | 1.0.3 | 32.00 | 70.00 | 102.00 | OK | |
r-oldrel-macos-arm64 | 1.0.3 | 34.00 | OK | |||
r-oldrel-macos-x86_64 | 1.0.3 | 78.00 | OK | |||
r-oldrel-windows-x86_64 | 1.0.3 | 37.00 | 82.00 | 119.00 | OK |
Version: 1.0.3
Check: CRAN incoming feasibility
Result: NOTE
Maintainer: ‘Serguei Sokol <sokol@insa-toulouse.fr>’
No Authors@R field in DESCRIPTION.
Please add one, modifying
Authors@R: person(given = "Serguei",
family = "Sokol",
role = c("aut", "cre"),
email = "sokol@insa-toulouse.fr")
as necessary.
Flavors: r-devel-linux-x86_64-debian-clang, r-devel-linux-x86_64-debian-gcc