Last updated on 2025-05-06 03:51:09 CEST.
Flavor | Version | Tinstall | Tcheck | Ttotal | Status | Flags |
---|---|---|---|---|---|---|
r-devel-linux-x86_64-debian-clang | 1.2.0 | 11.93 | 258.20 | 270.13 | NOTE | |
r-devel-linux-x86_64-debian-gcc | 1.2.0 | 7.77 | 148.54 | 156.31 | NOTE | |
r-devel-linux-x86_64-fedora-clang | 1.2.0 | 461.84 | NOTE | |||
r-devel-linux-x86_64-fedora-gcc | 1.2.0 | 468.00 | NOTE | |||
r-devel-windows-x86_64 | 1.2.0 | 18.00 | 246.00 | 264.00 | NOTE | |
r-patched-linux-x86_64 | 1.2.0 | 11.60 | 243.55 | 255.15 | NOTE | |
r-release-linux-x86_64 | 1.2.0 | 9.70 | 241.84 | 251.54 | NOTE | |
r-release-macos-arm64 | 1.2.0 | 128.00 | NOTE | |||
r-release-macos-x86_64 | 1.2.0 | 296.00 | NOTE | |||
r-release-windows-x86_64 | 1.2.0 | 17.00 | 244.00 | 261.00 | NOTE | |
r-oldrel-macos-arm64 | 1.2.0 | 110.00 | NOTE | |||
r-oldrel-macos-x86_64 | 1.2.0 | 180.00 | NOTE | |||
r-oldrel-windows-x86_64 | 1.2.0 | 21.00 | 326.00 | 347.00 | NOTE |
Version: 1.2.0
Check: CRAN incoming feasibility
Result: NOTE
Maintainer: ‘Alexandra Sarafoglou <alexandra.sarafoglou@gmail.com>’
Package CITATION file contains call(s) to old-style citEntry(). Please
use bibentry() instead.
Flavors: r-devel-linux-x86_64-debian-clang, r-devel-linux-x86_64-debian-gcc
Version: 1.2.0
Check: C++ specification
Result: NOTE
Specified C++11: please drop specification unless essential
Flavors: r-devel-linux-x86_64-debian-clang, r-devel-linux-x86_64-debian-gcc, r-devel-linux-x86_64-fedora-clang, r-devel-linux-x86_64-fedora-gcc, r-devel-windows-x86_64, r-patched-linux-x86_64, r-release-linux-x86_64, r-release-macos-arm64, r-release-macos-x86_64, r-release-windows-x86_64, r-oldrel-macos-arm64, r-oldrel-macos-x86_64, r-oldrel-windows-x86_64