CRAN Package Check Results for Package multimode

Last updated on 2025-07-24 03:50:05 CEST.

Flavor Version Tinstall Tcheck Ttotal Status Flags
r-devel-linux-x86_64-debian-clang 1.5 11.91 78.32 90.23 NOTE
r-devel-linux-x86_64-debian-gcc 1.5 8.01 58.42 66.43 NOTE
r-devel-linux-x86_64-fedora-clang 1.5 149.21 OK
r-devel-linux-x86_64-fedora-gcc 1.5 135.74 OK
r-devel-windows-x86_64 1.5 16.00 99.00 115.00 OK
r-patched-linux-x86_64 1.5 11.85 76.52 88.37 OK
r-release-linux-x86_64 1.5 10.80 76.80 87.60 OK
r-release-macos-arm64 1.5 47.00 OK
r-release-macos-x86_64 1.5 80.00 OK
r-release-windows-x86_64 1.5 15.00 109.00 124.00 OK
r-oldrel-macos-arm64 1.5 43.00 OK
r-oldrel-macos-x86_64 1.5 64.00 OK
r-oldrel-windows-x86_64 1.5 18.00 121.00 139.00 OK

Check Details

Version: 1.5
Check: CRAN incoming feasibility
Result: NOTE Maintainer: ‘Jose Ameijeiras-Alonso <jose.ameijeiras@usc.es>’ No Authors@R field in DESCRIPTION. Please add one, modifying Authors@R: c(person(given = "Jose", family = "Ameijeiras-Alonso", role = c("aut", "cre"), email = "jose.ameijeiras@usc.es"), person(given = c("Rosa", "M."), family = "Crujeiras", role = "aut"), person(given = "Alberto", family = "Rodríguez-Casal", role = "aut"), person(given = c("The", "R", "Core", "Team"), family = "1996-2012", role = c("ctb", "cph"), comment = "C function 'BinDist2' obtained from package 'stats'"), person(given = c("The", "R", "Foundation"), family = "2005", role = c("ctb", "cph"), comment = "C function 'BinDist2' obtained from package 'stats'")) as necessary. Flavors: r-devel-linux-x86_64-debian-clang, r-devel-linux-x86_64-debian-gcc