Last updated on 2025-05-04 03:50:59 CEST.
Flavor | Version | Tinstall | Tcheck | Ttotal | Status | Flags |
---|---|---|---|---|---|---|
r-devel-linux-x86_64-debian-clang | 1.3 | 9.67 | 44.64 | 54.31 | NOTE | |
r-devel-linux-x86_64-debian-gcc | 1.3 | 7.60 | 32.06 | 39.66 | NOTE | |
r-devel-linux-x86_64-fedora-clang | 1.3 | 85.91 | OK | |||
r-devel-linux-x86_64-fedora-gcc | 1.3 | 87.25 | OK | |||
r-devel-windows-x86_64 | 1.3 | 8.00 | 61.00 | 69.00 | OK | |
r-patched-linux-x86_64 | 1.3 | 8.41 | 42.75 | 51.16 | OK | |
r-release-linux-x86_64 | OK | |||||
r-release-macos-arm64 | 1.3 | 28.00 | OK | |||
r-release-macos-x86_64 | 1.3 | 63.00 | OK | |||
r-release-windows-x86_64 | 1.3 | 9.00 | 58.00 | 67.00 | OK | |
r-oldrel-macos-arm64 | 1.3 | 24.00 | OK | |||
r-oldrel-macos-x86_64 | 1.3 | 43.00 | OK | |||
r-oldrel-windows-x86_64 | 1.3 | 8.00 | 66.00 | 74.00 | OK |
Version: 1.3
Check: CRAN incoming feasibility
Result: NOTE
Maintainer: ‘Sarra Chair <sarra.chair@gmail.com>’
No Authors@R field in DESCRIPTION.
Please add one, modifying
Authors@R: c(person(given = "Sarra",
family = "Chair",
role = c("aut", "cre"),
email = "sarra.chair@gmail.com"),
person(given = "Malika",
family = "Charrad",
role = "aut"))
as necessary.
Flavors: r-devel-linux-x86_64-debian-clang, r-devel-linux-x86_64-debian-gcc