Last updated on 2025-05-04 03:50:59 CEST.
Flavor | Version | Tinstall | Tcheck | Ttotal | Status | Flags |
---|---|---|---|---|---|---|
r-devel-linux-x86_64-debian-clang | 1.1-11 | 4.69 | 69.54 | 74.23 | NOTE | |
r-devel-linux-x86_64-debian-gcc | 1.1-11 | 3.95 | 53.25 | 57.20 | NOTE | |
r-devel-linux-x86_64-fedora-clang | 1.1-11 | 121.50 | OK | |||
r-devel-linux-x86_64-fedora-gcc | 1.1-11 | 131.53 | OK | |||
r-devel-windows-x86_64 | 1.1-11 | 7.00 | 134.00 | 141.00 | OK | |
r-patched-linux-x86_64 | 1.1-11 | 5.28 | 70.89 | 76.17 | OK | |
r-release-linux-x86_64 | OK | |||||
r-release-macos-arm64 | 1.1-11 | 64.00 | WARN | |||
r-release-macos-x86_64 | 1.1-11 | 121.00 | OK | |||
r-release-windows-x86_64 | 1.1-11 | 7.00 | 136.00 | 143.00 | OK | |
r-oldrel-macos-arm64 | 1.1-11 | 65.00 | WARN | |||
r-oldrel-macos-x86_64 | 1.1-11 | 92.00 | OK | |||
r-oldrel-windows-x86_64 | 1.1-11 | 8.00 | 148.00 | 156.00 | OK |
Version: 1.1-11
Check: CRAN incoming feasibility
Result: NOTE
Maintainer: ‘Robin K. S. Hankin <hankin.robin@gmail.com>’
The BugReports field in DESCRIPTION has
https://github.com/RobinHankin/multivator
which should likely be
https://github.com/RobinHankin/multivator/issues
instead.
Flavors: r-devel-linux-x86_64-debian-clang, r-devel-linux-x86_64-debian-gcc
Version: 1.1-11
Check: re-building of vignette outputs
Result: WARN
Error(s) in re-building vignettes:
--- re-building ‘cias.Rnw’ using Sweave
Attaching package: ‘multivator’
The following objects are masked from ‘package:base’:
levels, rbind
--- finished re-building ‘cias.Rnw’
--- re-building ‘multivator.Rnw’ using Sweave
Attaching package: 'multivator'
The following objects are masked from 'package:base':
levels, rbind
Error: processing vignette 'multivator.Rnw' failed with diagnostics:
Running 'texi2dvi' on 'multivator.tex' failed.
LaTeX errors:
!pdfTeX error: pdflatex (file bbm10): Font bbm10 at 657 not found
==> Fatal error occurred, no output PDF file produced!
--- failed re-building 'multivator.Rnw'
SUMMARY: processing the following file failed:
‘multivator.Rnw’
Error: Vignette re-building failed.
Execution halted
Flavors: r-release-macos-arm64, r-oldrel-macos-arm64