Last updated on 2025-10-31 02:50:37 CET.
| Flavor | Version | Tinstall | Tcheck | Ttotal | Status | Flags | 
|---|---|---|---|---|---|---|
| r-devel-linux-x86_64-debian-clang | 1.2.5 | 3.99 | 143.22 | 147.21 | NOTE | |
| r-devel-linux-x86_64-debian-gcc | 1.2.5 | 2.99 | 98.85 | 101.84 | NOTE | |
| r-devel-linux-x86_64-fedora-clang | 1.2.5 | 228.17 | OK | |||
| r-devel-linux-x86_64-fedora-gcc | 1.2.5 | 236.34 | OK | |||
| r-devel-windows-x86_64 | 1.2.5 | 6.00 | 147.00 | 153.00 | OK | |
| r-patched-linux-x86_64 | 1.2.5 | 3.70 | 134.55 | 138.25 | OK | |
| r-release-linux-x86_64 | 1.2.5 | 3.53 | 134.98 | 138.51 | OK | |
| r-release-macos-arm64 | 1.2.5 | 3.00 | 124.00 | 127.00 | OK | |
| r-release-macos-x86_64 | 1.2.5 | 3.00 | 127.00 | 130.00 | OK | |
| r-release-windows-x86_64 | 1.2.5 | 7.00 | 146.00 | 153.00 | OK | |
| r-oldrel-macos-arm64 | 1.2.5 | 2.00 | 69.00 | 71.00 | OK | |
| r-oldrel-macos-x86_64 | 1.2.5 | 3.00 | 102.00 | 105.00 | OK | |
| r-oldrel-windows-x86_64 | 1.2.5 | 7.00 | 189.00 | 196.00 | OK | 
Version: 1.2.5
Check: CRAN incoming feasibility
Result: NOTE
  Maintainer: ‘Alessandro Santuz <alessandro.santuz@gmail.com>’
  
  Package CITATION file contains call(s) to old-style citEntry().  Please
  use bibentry() instead.
Flavors: r-devel-linux-x86_64-debian-clang, r-devel-linux-x86_64-debian-gcc