CRAN Package Check Results for Package mxkssd

Last updated on 2025-05-07 03:51:07 CEST.

Flavor Version Tinstall Tcheck Ttotal Status Flags
r-devel-linux-x86_64-debian-clang 1.2 1.87 16.75 18.62 NOTE
r-devel-linux-x86_64-debian-gcc 1.2 1.34 13.87 15.21 NOTE
r-devel-linux-x86_64-fedora-clang 1.2 29.16 OK
r-devel-linux-x86_64-fedora-gcc 1.2 30.13 OK
r-devel-windows-x86_64 1.2 2.00 35.00 37.00 OK
r-patched-linux-x86_64 1.2 1.59 16.31 17.90 OK
r-release-linux-x86_64 1.2 1.58 16.06 17.64 OK
r-release-macos-arm64 1.2 12.00 OK
r-release-macos-x86_64 1.2 24.00 OK
r-release-windows-x86_64 1.2 3.00 37.00 40.00 OK
r-oldrel-macos-arm64 1.2 13.00 OK
r-oldrel-macos-x86_64 1.2 18.00 OK
r-oldrel-windows-x86_64 1.2 3.00 34.00 37.00 OK

Check Details

Version: 1.2
Check: CRAN incoming feasibility
Result: NOTE Maintainer: ‘B N Mandal <mandal.stat@gmail.com>’ No Authors@R field in DESCRIPTION. Please add one, modifying Authors@R: person(given = c("B", "N"), family = "Mandal", role = c("aut", "cre"), email = "mandal.stat@gmail.com") as necessary. Flavors: r-devel-linux-x86_64-debian-clang, r-devel-linux-x86_64-debian-gcc