CRAN Package Check Results for Package mycor

Last updated on 2025-05-07 03:51:07 CEST.

Flavor Version Tinstall Tcheck Ttotal Status Flags
r-devel-linux-x86_64-debian-clang 0.1.1 1.98 25.41 27.39 OK
r-devel-linux-x86_64-debian-gcc 0.1.1 1.71 20.22 21.93 OK
r-devel-linux-x86_64-fedora-clang 0.1.1 42.17 OK
r-devel-linux-x86_64-fedora-gcc 0.1.1 66.74 OK
r-devel-windows-x86_64 0.1.1 3.00 47.00 50.00 OK
r-patched-linux-x86_64 0.1.1 1.90 23.41 25.31 OK
r-release-linux-x86_64 0.1.1 1.82 23.33 25.15 OK
r-release-macos-arm64 0.1.1 33.00 OK
r-release-macos-x86_64 0.1.1 64.00 OK
r-release-windows-x86_64 0.1.1 3.00 48.00 51.00 OK
r-oldrel-macos-arm64 0.1.1 28.00 NOTE
r-oldrel-macos-x86_64 0.1.1 61.00 NOTE
r-oldrel-windows-x86_64 0.1.1 4.00 53.00 57.00 NOTE

Check Details

Version: 0.1.1
Check: LazyData
Result: NOTE 'LazyData' is specified without a 'data' directory Flavors: r-oldrel-macos-arm64, r-oldrel-macos-x86_64, r-oldrel-windows-x86_64