Last updated on 2025-05-07 03:51:07 CEST.
Flavor | Version | Tinstall | Tcheck | Ttotal | Status | Flags |
---|---|---|---|---|---|---|
r-devel-linux-x86_64-debian-clang | 1.4.9 | 2.93 | 80.74 | 83.67 | NOTE | |
r-devel-linux-x86_64-debian-gcc | 1.4.9 | 2.03 | 59.05 | 61.08 | NOTE | |
r-devel-linux-x86_64-fedora-clang | 1.4.10 | 141.16 | OK | |||
r-devel-linux-x86_64-fedora-gcc | 1.4.10 | 145.14 | OK | |||
r-devel-windows-x86_64 | 1.4.9 | 4.00 | 94.00 | 98.00 | NOTE | |
r-patched-linux-x86_64 | 1.4.9 | 3.78 | 76.19 | 79.97 | NOTE | |
r-release-linux-x86_64 | 1.4.9 | 2.86 | 76.54 | 79.40 | NOTE | |
r-release-macos-arm64 | 1.4.10 | 48.00 | OK | |||
r-release-macos-x86_64 | 1.4.10 | 86.00 | OK | |||
r-release-windows-x86_64 | 1.4.10 | 4.00 | 102.00 | 106.00 | OK | |
r-oldrel-macos-arm64 | 1.4.10 | 48.00 | OK | |||
r-oldrel-macos-x86_64 | 1.4.10 | 120.00 | OK | |||
r-oldrel-windows-x86_64 | 1.4.9 | 5.00 | 112.00 | 117.00 | NOTE |
Version: 1.4.9
Check: Rd files
Result: NOTE
checkRd: (-1) check_input_event_times.Rd:16-17: Lost braces in \itemize; meant \describe ?
checkRd: (-1) check_input_event_times.Rd:18-19: Lost braces in \itemize; meant \describe ?
checkRd: (-1) check_time_unit.Rd:12-13: Lost braces in \itemize; meant \describe ?
checkRd: (-1) check_time_unit.Rd:14-15: Lost braces in \itemize; meant \describe ?
checkRd: (-1) default_params_doc.Rd:30-31: Lost braces in \itemize; meant \describe ?
checkRd: (-1) default_params_doc.Rd:32-33: Lost braces in \itemize; meant \describe ?
checkRd: (-1) nltt_diff_exact_brts.Rd:30: Lost braces in \itemize; meant \describe ?
checkRd: (-1) nltt_diff_exact_brts.Rd:31: Lost braces in \itemize; meant \describe ?
checkRd: (-1) nltt_diff_exact_brts.Rd:36-37: Lost braces in \itemize; meant \describe ?
checkRd: (-1) nltt_diff_exact_brts.Rd:38-39: Lost braces in \itemize; meant \describe ?
checkRd: (-1) nltt_diff_exact_extinct.Rd:31: Lost braces in \itemize; meant \describe ?
checkRd: (-1) nltt_diff_exact_extinct.Rd:32: Lost braces in \itemize; meant \describe ?
checkRd: (-1) nltt_diff_exact_extinct.Rd:37-38: Lost braces in \itemize; meant \describe ?
checkRd: (-1) nltt_diff_exact_extinct.Rd:39-40: Lost braces in \itemize; meant \describe ?
Flavors: r-devel-linux-x86_64-debian-clang, r-devel-linux-x86_64-debian-gcc, r-devel-windows-x86_64, r-patched-linux-x86_64, r-release-linux-x86_64, r-oldrel-windows-x86_64