Last updated on 2025-05-07 03:51:07 CEST.
Flavor | Version | Tinstall | Tcheck | Ttotal | Status | Flags |
---|---|---|---|---|---|---|
r-devel-linux-x86_64-debian-clang | 0.5.0 | 44.83 | 30.81 | 75.64 | NOTE | |
r-devel-linux-x86_64-debian-gcc | 0.5.0 | 33.75 | 24.95 | 58.70 | NOTE | |
r-devel-linux-x86_64-fedora-clang | 0.5.0 | 135.09 | OK | |||
r-devel-linux-x86_64-fedora-gcc | 0.5.0 | 166.51 | OK | |||
r-devel-windows-x86_64 | 0.5.0 | 56.00 | 70.00 | 126.00 | OK | |
r-patched-linux-x86_64 | 0.5.0 | 50.15 | 29.54 | 79.69 | OK | |
r-release-linux-x86_64 | 0.5.0 | 46.85 | 29.16 | 76.01 | OK | |
r-release-macos-arm64 | 0.5.0 | 41.00 | OK | |||
r-release-macos-x86_64 | 0.5.0 | 51.00 | OK | |||
r-release-windows-x86_64 | 0.5.0 | 56.00 | 68.00 | 124.00 | OK | |
r-oldrel-macos-arm64 | 0.5.0 | 49.00 | NOTE | |||
r-oldrel-macos-x86_64 | 0.5.0 | 51.00 | NOTE | |||
r-oldrel-windows-x86_64 | 0.5.0 | 64.00 | 84.00 | 148.00 | OK |
Version: 0.5.0
Check: CRAN incoming feasibility
Result: NOTE
Maintainer: ‘Gregory Jefferis <jefferis@gmail.com>’
No Authors@R field in DESCRIPTION.
Please add one, modifying
Authors@R: c(person(given = "Stephane",
family = "Mangenat",
role = "aut",
comment = "for 'libnabo'"),
person(given = "Gregory",
family = "Jefferis",
role = c("aut", "cre"),
email = "jefferis@gmail.com"))
as necessary.
Flavors: r-devel-linux-x86_64-debian-clang, r-devel-linux-x86_64-debian-gcc
Version: 0.5.0
Check: installed package size
Result: NOTE
installed size is 9.0Mb
sub-directories of 1Mb or more:
libs 8.9Mb
Flavors: r-oldrel-macos-arm64, r-oldrel-macos-x86_64