CRAN Package Check Results for Package nat

Last updated on 2025-05-06 03:51:09 CEST.

Flavor Version Tinstall Tcheck Ttotal Status Flags
r-devel-linux-x86_64-debian-clang 1.8.24 14.32 144.95 159.27 NOTE
r-devel-linux-x86_64-debian-gcc 1.8.24 10.83 104.74 115.57 NOTE
r-devel-linux-x86_64-fedora-clang 1.8.24 265.13 OK
r-devel-linux-x86_64-fedora-gcc 1.8.24 271.85 OK
r-devel-windows-x86_64 1.8.24 16.00 177.00 193.00 NOTE
r-patched-linux-x86_64 1.8.24 20.31 138.60 158.91 NOTE
r-release-linux-x86_64 1.8.24 13.35 140.41 153.76 NOTE
r-release-macos-arm64 1.8.24 79.00 OK
r-release-macos-x86_64 1.8.24 151.00 OK
r-release-windows-x86_64 1.8.24 18.00 179.00 197.00 NOTE
r-oldrel-macos-arm64 1.8.24 77.00 OK
r-oldrel-macos-x86_64 1.8.24 143.00 OK
r-oldrel-windows-x86_64 1.8.24 25.00 214.00 239.00 OK

Check Details

Version: 1.8.24
Check: Rd cross-references
Result: NOTE Found the following Rd file(s) with Rd \link{} targets missing package anchors: as.mesh3d.Rd: rgl boundingbox.Rd: mesh3d cmtk.reformatx.Rd: RunCmdForNewerInput, makelock find.neuron.Rd: select3d find.soma.Rd: select3d nat-package.Rd: igraph, select3d, rgl ndigest.Rd: digest neuron.Rd: dfs ngraph.Rd: igraph nopen3d.Rd: open3d nview3d.Rd: view3d pan3d.Rd: rgl.setMouseCallbacks seglist.Rd: igraph Please provide package anchors for all Rd \link{} targets not in the package itself and the base packages. Flavors: r-devel-linux-x86_64-debian-clang, r-devel-linux-x86_64-debian-gcc, r-devel-windows-x86_64, r-patched-linux-x86_64, r-release-linux-x86_64, r-release-windows-x86_64