CRAN Package Check Results for Package nbconvertR

Last updated on 2025-05-07 03:51:07 CEST.

Flavor Version Tinstall Tcheck Ttotal Status Flags
r-devel-linux-x86_64-debian-clang 1.3.2 1.83 34.86 36.69 NOTE
r-devel-linux-x86_64-debian-gcc 1.3.2 1.30 26.79 28.09 NOTE
r-devel-linux-x86_64-fedora-clang 1.3.2 65.29 NOTE
r-devel-linux-x86_64-fedora-gcc 1.3.2 65.38 NOTE
r-devel-windows-x86_64 1.3.2 2.00 39.00 41.00 NOTE
r-patched-linux-x86_64 1.3.2 1.91 34.34 36.25 NOTE
r-release-linux-x86_64 1.3.2 1.70 34.44 36.14 NOTE
r-release-macos-arm64 1.3.2 15.00 NOTE
r-release-macos-x86_64 1.3.2 31.00 NOTE
r-release-windows-x86_64 1.3.2 3.00 39.00 42.00 NOTE
r-oldrel-macos-arm64 1.3.2 14.00 NOTE
r-oldrel-macos-x86_64 1.3.2 33.00 NOTE
r-oldrel-windows-x86_64 1.3.2 3.00 44.00 47.00 NOTE

Check Details

Version: 1.3.2
Check: CRAN incoming feasibility
Result: NOTE Maintainer: ‘Philipp Angerer <philipp.angerer@helmholtz-muenchen.de>’ No Authors@R field in DESCRIPTION. Please add one, modifying Authors@R: person(given = "Philipp", family = "Angerer", role = c("aut", "cre"), email = "philipp.angerer@helmholtz-muenchen.de") as necessary. Flavors: r-devel-linux-x86_64-debian-clang, r-devel-linux-x86_64-debian-gcc

Version: 1.3.2
Check: Rd files
Result: NOTE checkRd: (-1) nbconvert.Rd:49: Lost braces in \enumerate; meant \describe ? checkRd: (-1) nbconvert.Rd:50: Lost braces in \enumerate; meant \describe ? Flavors: r-devel-linux-x86_64-debian-clang, r-devel-linux-x86_64-debian-gcc, r-devel-linux-x86_64-fedora-clang, r-devel-linux-x86_64-fedora-gcc, r-devel-windows-x86_64, r-patched-linux-x86_64, r-release-linux-x86_64, r-release-macos-arm64, r-release-macos-x86_64, r-release-windows-x86_64, r-oldrel-macos-arm64, r-oldrel-macos-x86_64, r-oldrel-windows-x86_64