Last updated on 2025-05-04 03:51:00 CEST.
Flavor | Version | Tinstall | Tcheck | Ttotal | Status | Flags |
---|---|---|---|---|---|---|
r-devel-linux-x86_64-debian-clang | 1.3 | 8.63 | 65.91 | 74.54 | NOTE | |
r-devel-linux-x86_64-debian-gcc | 1.3 | 6.16 | 46.26 | 52.42 | NOTE | |
r-devel-linux-x86_64-fedora-clang | 1.3 | 104.51 | OK | |||
r-devel-linux-x86_64-fedora-gcc | 1.3 | 112.50 | OK | |||
r-devel-windows-x86_64 | 1.3 | 11.00 | 78.00 | 89.00 | OK | |
r-patched-linux-x86_64 | 1.3 | 7.94 | 61.21 | 69.15 | OK | |
r-release-linux-x86_64 | OK | |||||
r-release-macos-arm64 | 1.3 | 51.00 | OK | |||
r-release-macos-x86_64 | 1.3 | 57.00 | OK | |||
r-release-windows-x86_64 | 1.3 | 11.00 | 78.00 | 89.00 | OK | |
r-oldrel-macos-arm64 | 1.3 | 34.00 | OK | |||
r-oldrel-macos-x86_64 | 1.3 | 46.00 | OK | |||
r-oldrel-windows-x86_64 | 1.3 | 12.00 | 94.00 | 106.00 | OK |
Version: 1.3
Check: CRAN incoming feasibility
Result: NOTE
Maintainer: ‘Joseph Rigdon <jrigdon@wakehealth.edu>’
No Authors@R field in DESCRIPTION.
Please add one, modifying
Authors@R: person(given = "Joseph",
family = "Rigdon",
role = c("aut", "cre"),
email = "jrigdon@wakehealth.edu")
as necessary.
Flavors: r-devel-linux-x86_64-debian-clang, r-devel-linux-x86_64-debian-gcc