Last updated on 2025-11-02 02:50:50 CET.
| Flavor | Version | Tinstall | Tcheck | Ttotal | Status | Flags |
|---|---|---|---|---|---|---|
| r-devel-linux-x86_64-debian-clang | 1.1.2 | 32.79 | 292.22 | 325.01 | OK | |
| r-devel-linux-x86_64-debian-gcc | 1.1.2 | 22.43 | 190.13 | 212.56 | OK | |
| r-devel-linux-x86_64-fedora-clang | 1.1.2 | 61.00 | 443.61 | 504.61 | OK | |
| r-devel-linux-x86_64-fedora-gcc | 1.1.2 | 70.00 | 428.52 | 498.52 | OK | |
| r-devel-windows-x86_64 | 1.1.2 | 44.00 | 266.00 | 310.00 | OK | |
| r-patched-linux-x86_64 | 1.1.2 | 32.07 | 276.75 | 308.82 | OK | |
| r-release-linux-x86_64 | 1.1.2 | 32.32 | 280.86 | 313.18 | OK | |
| r-release-macos-arm64 | 1.1.2 | 18.00 | 117.00 | 135.00 | OK | |
| r-release-macos-x86_64 | 1.1.2 | 35.00 | 258.00 | 293.00 | OK | |
| r-release-windows-x86_64 | 1.1.2 | 33.00 | 268.00 | 301.00 | OK | |
| r-oldrel-macos-arm64 | 1.1.2 | 16.00 | 111.00 | 127.00 | NOTE | |
| r-oldrel-macos-x86_64 | 1.1.2 | 32.00 | 241.00 | 273.00 | NOTE | |
| r-oldrel-windows-x86_64 | 1.1.2 | 49.00 | 379.00 | 428.00 | OK |
Version: 1.1.2
Check: installed package size
Result: NOTE
installed size is 5.7Mb
sub-directories of 1Mb or more:
data 4.2Mb
help 1.1Mb
Flavors: r-oldrel-macos-arm64, r-oldrel-macos-x86_64