Last updated on 2025-07-26 03:49:56 CEST.
Flavor | Version | Tinstall | Tcheck | Ttotal | Status | Flags |
---|---|---|---|---|---|---|
r-devel-linux-x86_64-debian-clang | 1.6.1 | 11.47 | 166.93 | 178.40 | NOTE | |
r-devel-linux-x86_64-debian-gcc | 1.6.1 | 7.09 | 113.54 | 120.63 | NOTE | |
r-devel-linux-x86_64-fedora-clang | 1.6.1 | 274.87 | NOTE | |||
r-devel-linux-x86_64-fedora-gcc | 1.6.1 | 281.28 | NOTE | |||
r-devel-windows-x86_64 | 1.6.1 | 12.00 | 155.00 | 167.00 | NOTE | |
r-patched-linux-x86_64 | 1.6.1 | 10.84 | 153.25 | 164.09 | NOTE | |
r-release-linux-x86_64 | 1.6.1 | 10.79 | 151.55 | 162.34 | NOTE | |
r-release-macos-arm64 | 1.6.1 | 85.00 | NOTE | |||
r-release-macos-x86_64 | 1.6.1 | 151.00 | NOTE | |||
r-release-windows-x86_64 | 1.6.1 | 12.00 | 157.00 | 169.00 | NOTE | |
r-oldrel-macos-arm64 | 1.6.1 | 89.00 | OK | |||
r-oldrel-macos-x86_64 | 1.6.1 | 152.00 | OK | |||
r-oldrel-windows-x86_64 | 1.6.1 | 18.00 | 197.00 | 215.00 | OK |
Version: 1.6.1
Check: DESCRIPTION meta-information
Result: NOTE
Missing dependency on R >= 4.2.0 because package code uses the pipe
placeholder syntax added in R 4.2.0.
File(s) using such syntax:
‘functions.R’
Flavors: r-devel-linux-x86_64-debian-clang, r-devel-linux-x86_64-debian-gcc, r-devel-linux-x86_64-fedora-clang, r-devel-linux-x86_64-fedora-gcc, r-devel-windows-x86_64, r-patched-linux-x86_64, r-release-linux-x86_64, r-release-macos-arm64, r-release-windows-x86_64
Version: 1.6.1
Check: DESCRIPTION meta-information
Result: NOTE
Missing dependency on R >= 4.1.0 because package code uses the pipe
|> or function shorthand \(...) syntax added in R 4.1.0.
File(s) using such syntax:
‘functions.R’
Flavor: r-release-macos-x86_64