Last updated on 2025-05-06 03:51:09 CEST.
Flavor | Version | Tinstall | Tcheck | Ttotal | Status | Flags |
---|---|---|---|---|---|---|
r-devel-linux-x86_64-debian-clang | 1.1 | 2.22 | 22.50 | 24.72 | NOTE | |
r-devel-linux-x86_64-debian-gcc | 1.1 | 1.84 | 18.42 | 20.26 | NOTE | |
r-devel-linux-x86_64-fedora-clang | 1.1 | 40.41 | OK | |||
r-devel-linux-x86_64-fedora-gcc | 1.1 | 40.34 | OK | |||
r-devel-windows-x86_64 | 1.1 | 4.00 | 43.00 | 47.00 | OK | |
r-patched-linux-x86_64 | 1.1 | 2.27 | 21.65 | 23.92 | OK | |
r-release-linux-x86_64 | 1.1 | 1.83 | 21.85 | 23.68 | OK | |
r-release-macos-arm64 | 1.1 | 19.00 | OK | |||
r-release-macos-x86_64 | 1.1 | 26.00 | OK | |||
r-release-windows-x86_64 | 1.1 | 3.00 | 44.00 | 47.00 | OK | |
r-oldrel-macos-arm64 | 1.1 | 17.00 | OK | |||
r-oldrel-macos-x86_64 | 1.1 | 26.00 | OK | |||
r-oldrel-windows-x86_64 | 1.1 | 3.00 | 47.00 | 50.00 | OK |
Version: 1.1
Check: CRAN incoming feasibility
Result: NOTE
Maintainer: ‘Ningning Xu <n.xu@lumc.nl>’
No Authors@R field in DESCRIPTION.
Please add one, modifying
Authors@R: person(given = "Ningning",
family = "Xu",
role = c("aut", "cre"),
email = "n.xu@lumc.nl")
as necessary.
The Description field contains
(2021) <arXiv:2001.01541> for detailed description.
Please refer to arXiv e-prints via their arXiv DOI <doi:10.48550/arXiv.YYMM.NNNNN>.
Flavors: r-devel-linux-x86_64-debian-clang, r-devel-linux-x86_64-debian-gcc