CRAN Package Check Results for Package nifti.io

Last updated on 2025-05-04 03:51:00 CEST.

Flavor Version Tinstall Tcheck Ttotal Status Flags
r-devel-linux-x86_64-debian-clang 1.0.0 2.38 19.27 21.65 NOTE
r-devel-linux-x86_64-debian-gcc 1.0.0 1.78 15.36 17.14 NOTE
r-devel-linux-x86_64-fedora-clang 1.0.0 34.32 OK
r-devel-linux-x86_64-fedora-gcc 1.0.0 32.59 OK
r-devel-windows-x86_64 1.0.0 4.00 42.00 46.00 OK
r-patched-linux-x86_64 1.0.0 2.45 18.22 20.67 OK
r-release-linux-x86_64 OK
r-release-macos-arm64 1.0.0 15.00 OK
r-release-macos-x86_64 1.0.0 27.00 OK
r-release-windows-x86_64 1.0.0 4.00 54.00 58.00 OK
r-oldrel-macos-arm64 1.0.0 17.00 OK
r-oldrel-macos-x86_64 1.0.0 24.00 OK
r-oldrel-windows-x86_64 1.0.0 3.00 38.00 41.00 OK

Check Details

Version: 1.0.0
Check: CRAN incoming feasibility
Result: NOTE Maintainer: ‘Timothy Koscik <timothy-koscik@uiowa.edu>’ No Authors@R field in DESCRIPTION. Please add one, modifying Authors@R: c(person(given = c("Timothy", "R."), family = "Koscik", role = c("aut", "cre", "cph")), person(given = "Timothy", family = "Koscik", role = "cre", email = "timothy-koscik@uiowa.edu")) as necessary. Flavors: r-devel-linux-x86_64-debian-clang, r-devel-linux-x86_64-debian-gcc